{"id":10851,"date":"2025-05-05T09:57:09","date_gmt":"2025-05-05T09:57:09","guid":{"rendered":"https:\/\/plasticseurope.org\/pl\/?post_type=pe_event&#038;p=10851"},"modified":"2025-05-09T06:36:45","modified_gmt":"2025-05-09T06:36:45","slug":"konferencja-prasowa-przemysl-tworzyw-sztucznych-w-polsce-i-europie-3","status":"publish","type":"pe_event","link":"https:\/\/plasticseurope.org\/pl\/events\/konferencja-prasowa-przemysl-tworzyw-sztucznych-w-polsce-i-europie-3\/","title":{"rendered":"Konferencja prasowa \u201ePrzemys\u0142 tworzyw sztucznych w Polsce i Europie\u201d"},"content":{"rendered":"\n<p class=\"has-large-font-size\">Serdecznie zapraszamy na konferencj\u0119 prasow\u0105 otwarcia Targ\u00f3w PLASTPOL 2025.<\/p>\n\n\n\n<p><strong>Plan konferencji:<\/strong><br>\u2022 Otwarcie wydarzenia \u2013 Targi Kielce<br>\u2022 Przegl\u0105d aktualnych danych na temat przemys\u0142u tworzyw sztucznych w Polsce i Europie \u2013 Fundacja PlasticsEurope Polska<br>\u2022 Pytania publiczno\u015bci<\/p>\n\n\n\n<p><strong>20 maja 2025 r. (wtorek), godz. 10:30 \u2013 11:30 <\/strong><\/p>\n\n\n\n<p><strong>Targi Kielce, Kapsu\u0142a E3<\/strong><\/p>\n\n\n\n<p>Gospodarzami spotkania s\u0105 Fundacja PlasticsEurope Polska, organizacja reprezentuj\u0105ca przemys\u0142 tworzyw sztucznych w Polsce oraz Targi Kielce, organizator targ\u00f3w PLASTPOL 2025.<\/p>\n\n\n\n<p><\/p>\n\n\n\n<p>Jednocze\u015bnie mamy przyjemno\u015b\u0107 zaprosi\u0107 na wyst\u0105pienie Fundacji PlasticsEurope Polska \u201eRozporz\u0105dzenie ws. zapobiegania stratom granulatu z tworzyw sztucznych ju\u017c w 2025 r. \u2013 narz\u0119dzia, kt\u00f3re pomog\u0105 firmom przygotowa\u0107 si\u0119 na nadchodz\u0105ce obowi\u0105zki\u201d, kt\u00f3re odb\u0119dzie si\u0119 w ramach Seminarium Technicznego PLASTECH INFO organizowanego przez Serwis Internetowy WWW.TWORZYWA.PL.<\/p>\n\n\n\n<p>21 maja 2025 r. (\u015broda)<\/p>\n\n\n\n<p>Targi Kielce, Hala nr 5, Sala Konferencyjna E-3<\/p>\n\n\n\n<p><\/p>\n\n\n\n<p><\/p>\n\n\n\n<p><\/p>\n\n\n\n<p><\/p>\n","protected":false},"excerpt":{"rendered":"<p>Serdecznie zapraszamy na konferencj\u0119 prasow\u0105 otwarcia Targ\u00f3w PLASTPOL 2025. Plan konferencji:\u2022 Otwarcie wydarzenia \u2013 Targi Kielce\u2022 Przegl\u0105d aktualnych danych na temat przemys\u0142u tworzyw sztucznych w Polsce i Europie \u2013 Fundacja PlasticsEurope Polska\u2022 Pytania publiczno\u015bci 20 maja 2025 r. (wtorek), godz. 10:30 \u2013 11:30 Targi Kielce, Kapsu\u0142a E3 Gospodarzami spotkania s\u0105 Fundacja PlasticsEurope Polska, organizacja reprezentuj\u0105ca [&hellip;]<\/p>\n","protected":false},"featured_media":10857,"template":"","event-type":[],"class_list":["post-10851","pe_event","type-pe_event","status-publish","has-post-thumbnail","hentry"],"acf":[],"yoast_head":"<!-- This site is optimized with the Yoast SEO plugin v21.6 - https:\/\/yoast.com\/wordpress\/plugins\/seo\/ -->\n<title>Konferencja prasowa \u201ePrzemys\u0142 tworzyw sztucznych w Polsce i Europie\u201d - Plastics Europe PL<\/title>\n<meta name=\"robots\" content=\"index, follow, max-snippet:-1, max-image-preview:large, max-video-preview:-1\" \/>\n<link rel=\"canonical\" href=\"https:\/\/plasticseurope.org\/pl\/events\/konferencja-prasowa-przemysl-tworzyw-sztucznych-w-polsce-i-europie-3\/\" \/>\n<meta property=\"og:locale\" content=\"pl_PL\" \/>\n<meta property=\"og:type\" content=\"article\" \/>\n<meta property=\"og:title\" content=\"Konferencja prasowa \u201ePrzemys\u0142 tworzyw sztucznych w Polsce i Europie\u201d - Plastics Europe PL\" \/>\n<meta property=\"og:description\" content=\"Serdecznie zapraszamy na konferencj\u0119 prasow\u0105 otwarcia Targ\u00f3w PLASTPOL 2025. Plan konferencji:\u2022 Otwarcie wydarzenia \u2013 Targi Kielce\u2022 Przegl\u0105d aktualnych danych na temat przemys\u0142u tworzyw sztucznych w Polsce i Europie \u2013 Fundacja PlasticsEurope Polska\u2022 Pytania publiczno\u015bci 20 maja 2025 r. (wtorek), godz. 10:30 \u2013 11:30 Targi Kielce, Kapsu\u0142a E3 Gospodarzami spotkania s\u0105 Fundacja PlasticsEurope Polska, organizacja reprezentuj\u0105ca [&hellip;]\" \/>\n<meta property=\"og:url\" content=\"https:\/\/plasticseurope.org\/pl\/events\/konferencja-prasowa-przemysl-tworzyw-sztucznych-w-polsce-i-europie-3\/\" \/>\n<meta property=\"og:site_name\" content=\"Plastics Europe PL\" \/>\n<meta property=\"article:modified_time\" content=\"2025-05-09T06:36:45+00:00\" \/>\n<meta property=\"og:image\" content=\"https:\/\/plasticseurope.org\/pl\/wp-content\/uploads\/sites\/7\/2025\/05\/plastpolWWW-688x550-2-scaled.jpg\" \/>\n\t<meta property=\"og:image:width\" content=\"2560\" \/>\n\t<meta property=\"og:image:height\" content=\"2048\" \/>\n\t<meta property=\"og:image:type\" content=\"image\/jpeg\" \/>\n<meta name=\"twitter:card\" content=\"summary_large_image\" \/>\n<meta name=\"twitter:label1\" content=\"Szacowany czas czytania\" \/>\n\t<meta name=\"twitter:data1\" content=\"1 minuta\" \/>\n<script type=\"application\/ld+json\" class=\"yoast-schema-graph\">{\"@context\":\"https:\/\/schema.org\",\"@graph\":[{\"@type\":\"WebPage\",\"@id\":\"https:\/\/plasticseurope.org\/pl\/events\/konferencja-prasowa-przemysl-tworzyw-sztucznych-w-polsce-i-europie-3\/\",\"url\":\"https:\/\/plasticseurope.org\/pl\/events\/konferencja-prasowa-przemysl-tworzyw-sztucznych-w-polsce-i-europie-3\/\",\"name\":\"Konferencja prasowa \u201ePrzemys\u0142 tworzyw sztucznych w Polsce i Europie\u201d - Plastics Europe PL\",\"isPartOf\":{\"@id\":\"https:\/\/plasticseurope.org\/pl\/#website\"},\"datePublished\":\"2025-05-05T09:57:09+00:00\",\"dateModified\":\"2025-05-09T06:36:45+00:00\",\"breadcrumb\":{\"@id\":\"https:\/\/plasticseurope.org\/pl\/events\/konferencja-prasowa-przemysl-tworzyw-sztucznych-w-polsce-i-europie-3\/#breadcrumb\"},\"inLanguage\":\"pl-PL\",\"potentialAction\":[{\"@type\":\"ReadAction\",\"target\":[\"https:\/\/plasticseurope.org\/pl\/events\/konferencja-prasowa-przemysl-tworzyw-sztucznych-w-polsce-i-europie-3\/\"]}]},{\"@type\":\"BreadcrumbList\",\"@id\":\"https:\/\/plasticseurope.org\/pl\/events\/konferencja-prasowa-przemysl-tworzyw-sztucznych-w-polsce-i-europie-3\/#breadcrumb\",\"itemListElement\":[{\"@type\":\"ListItem\",\"position\":1,\"name\":\"Home\",\"item\":\"https:\/\/plasticseurope.org\/pl\/\"},{\"@type\":\"ListItem\",\"position\":2,\"name\":\"Konferencja prasowa \u201ePrzemys\u0142 tworzyw sztucznych w Polsce i Europie\u201d\"}]},{\"@type\":\"WebSite\",\"@id\":\"https:\/\/plasticseurope.org\/pl\/#website\",\"url\":\"https:\/\/plasticseurope.org\/pl\/\",\"name\":\"Plastics Europe PL\",\"description\":\"Enabling a sustainable future\",\"potentialAction\":[{\"@type\":\"SearchAction\",\"target\":{\"@type\":\"EntryPoint\",\"urlTemplate\":\"https:\/\/plasticseurope.org\/pl\/?s={search_term_string}\"},\"query-input\":\"required name=search_term_string\"}],\"inLanguage\":\"pl-PL\"}]}<\/script>\n<!-- \/ Yoast SEO plugin. -->","yoast_head_json":{"title":"Konferencja prasowa \u201ePrzemys\u0142 tworzyw sztucznych w Polsce i Europie\u201d - Plastics Europe PL","robots":{"index":"index","follow":"follow","max-snippet":"max-snippet:-1","max-image-preview":"max-image-preview:large","max-video-preview":"max-video-preview:-1"},"canonical":"https:\/\/plasticseurope.org\/pl\/events\/konferencja-prasowa-przemysl-tworzyw-sztucznych-w-polsce-i-europie-3\/","og_locale":"pl_PL","og_type":"article","og_title":"Konferencja prasowa \u201ePrzemys\u0142 tworzyw sztucznych w Polsce i Europie\u201d - Plastics Europe PL","og_description":"Serdecznie zapraszamy na konferencj\u0119 prasow\u0105 otwarcia Targ\u00f3w PLASTPOL 2025. Plan konferencji:\u2022 Otwarcie wydarzenia \u2013 Targi Kielce\u2022 Przegl\u0105d aktualnych danych na temat przemys\u0142u tworzyw sztucznych w Polsce i Europie \u2013 Fundacja PlasticsEurope Polska\u2022 Pytania publiczno\u015bci 20 maja 2025 r. (wtorek), godz. 10:30 \u2013 11:30 Targi Kielce, Kapsu\u0142a E3 Gospodarzami spotkania s\u0105 Fundacja PlasticsEurope Polska, organizacja reprezentuj\u0105ca [&hellip;]","og_url":"https:\/\/plasticseurope.org\/pl\/events\/konferencja-prasowa-przemysl-tworzyw-sztucznych-w-polsce-i-europie-3\/","og_site_name":"Plastics Europe PL","article_modified_time":"2025-05-09T06:36:45+00:00","og_image":[{"width":2560,"height":2048,"url":"https:\/\/plasticseurope.org\/pl\/wp-content\/uploads\/sites\/7\/2025\/05\/plastpolWWW-688x550-2-scaled.jpg","type":"image\/jpeg"}],"twitter_card":"summary_large_image","twitter_misc":{"Szacowany czas czytania":"1 minuta"},"schema":{"@context":"https:\/\/schema.org","@graph":[{"@type":"WebPage","@id":"https:\/\/plasticseurope.org\/pl\/events\/konferencja-prasowa-przemysl-tworzyw-sztucznych-w-polsce-i-europie-3\/","url":"https:\/\/plasticseurope.org\/pl\/events\/konferencja-prasowa-przemysl-tworzyw-sztucznych-w-polsce-i-europie-3\/","name":"Konferencja prasowa \u201ePrzemys\u0142 tworzyw sztucznych w Polsce i Europie\u201d - Plastics Europe PL","isPartOf":{"@id":"https:\/\/plasticseurope.org\/pl\/#website"},"datePublished":"2025-05-05T09:57:09+00:00","dateModified":"2025-05-09T06:36:45+00:00","breadcrumb":{"@id":"https:\/\/plasticseurope.org\/pl\/events\/konferencja-prasowa-przemysl-tworzyw-sztucznych-w-polsce-i-europie-3\/#breadcrumb"},"inLanguage":"pl-PL","potentialAction":[{"@type":"ReadAction","target":["https:\/\/plasticseurope.org\/pl\/events\/konferencja-prasowa-przemysl-tworzyw-sztucznych-w-polsce-i-europie-3\/"]}]},{"@type":"BreadcrumbList","@id":"https:\/\/plasticseurope.org\/pl\/events\/konferencja-prasowa-przemysl-tworzyw-sztucznych-w-polsce-i-europie-3\/#breadcrumb","itemListElement":[{"@type":"ListItem","position":1,"name":"Home","item":"https:\/\/plasticseurope.org\/pl\/"},{"@type":"ListItem","position":2,"name":"Konferencja prasowa \u201ePrzemys\u0142 tworzyw sztucznych w Polsce i Europie\u201d"}]},{"@type":"WebSite","@id":"https:\/\/plasticseurope.org\/pl\/#website","url":"https:\/\/plasticseurope.org\/pl\/","name":"Plastics Europe PL","description":"Enabling a sustainable future","potentialAction":[{"@type":"SearchAction","target":{"@type":"EntryPoint","urlTemplate":"https:\/\/plasticseurope.org\/pl\/?s={search_term_string}"},"query-input":"required name=search_term_string"}],"inLanguage":"pl-PL"}]}},"_links":{"self":[{"href":"https:\/\/plasticseurope.org\/pl\/wp-json\/wp\/v2\/pe_event\/10851","targetHints":{"allow":["GET"]}}],"collection":[{"href":"https:\/\/plasticseurope.org\/pl\/wp-json\/wp\/v2\/pe_event"}],"about":[{"href":"https:\/\/plasticseurope.org\/pl\/wp-json\/wp\/v2\/types\/pe_event"}],"wp:featuredmedia":[{"embeddable":true,"href":"https:\/\/plasticseurope.org\/pl\/wp-json\/wp\/v2\/media\/10857"}],"wp:attachment":[{"href":"https:\/\/plasticseurope.org\/pl\/wp-json\/wp\/v2\/media?parent=10851"}],"wp:term":[{"taxonomy":"event-type","embeddable":true,"href":"https:\/\/plasticseurope.org\/pl\/wp-json\/wp\/v2\/event-type?post=10851"}],"curies":[{"name":"wp","href":"https:\/\/api.w.org\/{rel}","templated":true}]}}

Konferencja prasowa „Przemysł tworzyw sztucznych w Polsce i Europie”

<p class="has-large-font-size">Serdecznie zapraszamy na konferencję prasową otwarcia Targów PLASTPOL 2025.</p>



<p><strong>Plan konferencji:</strong><br>• Otwarcie wydarzenia – Targi Kielce<br>• Przegląd aktualnych danych na temat przemysłu tworzyw sztucznych w Polsce i Europie – Fundacja PlasticsEurope Polska<br>• Pytania publiczności</p>



<p><strong>20 maja 2025 r. (wtorek), godz. 10:30 – 11:30 </strong></p>



<p><strong>Targi Kielce, Kapsuła E3</strong></p>



<p>Gospodarzami spotkania są Fundacja PlasticsEurope Polska, organizacja reprezentująca przemysł tworzyw sztucznych w Polsce oraz Targi Kielce, organizator targów PLASTPOL 2025.</p>



<p></p>



<p>Jednocześnie mamy przyjemność zaprosić na wystąpienie Fundacji PlasticsEurope Polska „Rozporządzenie ws. zapobiegania stratom granulatu z tworzyw sztucznych już w 2025 r. – narzędzia, które pomogą firmom przygotować się na nadchodzące obowiązki”, które odbędzie się w ramach Seminarium Technicznego PLASTECH INFO organizowanego przez Serwis Internetowy WWW.TWORZYWA.PL.</p>



<p>21 maja 2025 r. (środa)</p>



<p>Targi Kielce, Hala nr 5, Sala Konferencyjna E-3</p>



<p></p>



<p></p>



<p></p>



<p></p>

<p>Serdecznie zapraszamy na konferencję prasową otwarcia Targów PLASTPOL 2025. Plan konferencji:• Otwarcie wydarzenia – Targi Kielce• Przegląd aktualnych danych na temat przemysłu tworzyw sztucznych w Polsce i Europie – Fundacja PlasticsEurope Polska• Pytania publiczności 20 maja 2025 r. (wtorek), godz. 10:30 – 11:30 Targi Kielce, Kapsuła E3 Gospodarzami spotkania są Fundacja PlasticsEurope Polska, organizacja reprezentująca [&hellip;]</p>

<!-- This site is optimized with the Yoast SEO plugin v21.6 - https://yoast.com/wordpress/plugins/seo/ -->
<title>Konferencja prasowa „Przemysł tworzyw sztucznych w Polsce i Europie” - Plastics Europe PL</title>
<meta name="robots" content="index, follow, max-snippet:-1, max-image-preview:large, max-video-preview:-1" />
<link rel="canonical" href="https://plasticseurope.org/pl/events/konferencja-prasowa-przemysl-tworzyw-sztucznych-w-polsce-i-europie-3/" />
<meta property="og:locale" content="pl_PL" />
<meta property="og:type" content="article" />
<meta property="og:title" content="Konferencja prasowa „Przemysł tworzyw sztucznych w Polsce i Europie” - Plastics Europe PL" />
<meta property="og:description" content="Serdecznie zapraszamy na konferencję prasową otwarcia Targów PLASTPOL 2025. Plan konferencji:• Otwarcie wydarzenia – Targi Kielce• Przegląd aktualnych danych na temat przemysłu tworzyw sztucznych w Polsce i Europie – Fundacja PlasticsEurope Polska• Pytania publiczności 20 maja 2025 r. (wtorek), godz. 10:30 – 11:30 Targi Kielce, Kapsuła E3 Gospodarzami spotkania są Fundacja PlasticsEurope Polska, organizacja reprezentująca [&hellip;]" />
<meta property="og:url" content="https://plasticseurope.org/pl/events/konferencja-prasowa-przemysl-tworzyw-sztucznych-w-polsce-i-europie-3/" />
<meta property="og:site_name" content="Plastics Europe PL" />
<meta property="article:modified_time" content="2025-05-09T06:36:45+00:00" />
<meta property="og:image" content="https://plasticseurope.org/pl/wp-content/uploads/sites/7/2025/05/plastpolWWW-688x550-2-scaled.jpg" />
	<meta property="og:image:width" content="2560" />
	<meta property="og:image:height" content="2048" />
	<meta property="og:image:type" content="image/jpeg" />
<meta name="twitter:card" content="summary_large_image" />
<meta name="twitter:label1" content="Szacowany czas czytania" />
	<meta name="twitter:data1" content="1 minuta" />
<script type="application/ld+json" class="yoast-schema-graph">{"@context":"https://schema.org","@graph":[{"@type":"WebPage","@id":"https://plasticseurope.org/pl/events/konferencja-prasowa-przemysl-tworzyw-sztucznych-w-polsce-i-europie-3/","url":"https://plasticseurope.org/pl/events/konferencja-prasowa-przemysl-tworzyw-sztucznych-w-polsce-i-europie-3/","name":"Konferencja prasowa „Przemysł tworzyw sztucznych w Polsce i Europie” - Plastics Europe PL","isPartOf":{"@id":"https://plasticseurope.org/pl/#website"},"datePublished":"2025-05-05T09:57:09+00:00","dateModified":"2025-05-09T06:36:45+00:00","breadcrumb":{"@id":"https://plasticseurope.org/pl/events/konferencja-prasowa-przemysl-tworzyw-sztucznych-w-polsce-i-europie-3/#breadcrumb"},"inLanguage":"pl-PL","potentialAction":[{"@type":"ReadAction","target":["https://plasticseurope.org/pl/events/konferencja-prasowa-przemysl-tworzyw-sztucznych-w-polsce-i-europie-3/"]}]},{"@type":"BreadcrumbList","@id":"https://plasticseurope.org/pl/events/konferencja-prasowa-przemysl-tworzyw-sztucznych-w-polsce-i-europie-3/#breadcrumb","itemListElement":[{"@type":"ListItem","position":1,"name":"Home","item":"https://plasticseurope.org/pl/"},{"@type":"ListItem","position":2,"name":"Konferencja prasowa „Przemysł tworzyw sztucznych w Polsce i Europie”"}]},{"@type":"WebSite","@id":"https://plasticseurope.org/pl/#website","url":"https://plasticseurope.org/pl/","name":"Plastics Europe PL","description":"Enabling a sustainable future","potentialAction":[{"@type":"SearchAction","target":{"@type":"EntryPoint","urlTemplate":"https://plasticseurope.org/pl/?s={search_term_string}"},"query-input":"required name=search_term_string"}],"inLanguage":"pl-PL"}]}</script>
<!-- / Yoast SEO plugin. -->

Konferencja prasowa „Przemysł tworzyw sztucznych w Polsce i Europie” - Plastics Europe PL

Serdecznie zapraszamy na konferencję prasową otwarcia Targów PLASTPOL 2025. Plan konferencji:• Otwarcie wydarzenia – Targi Kielce• Przegląd aktualnych danych na temat przemysłu tworzyw sztucznych w Polsce i Europie – Fundacja PlasticsEurope Polska• Pytania publiczności 20 maja 2025 r. (wtorek), godz. 10:30 – 11:30 Targi Kielce, Kapsuła E3 Gospodarzami spotkania są Fundacja PlasticsEurope Polska, organizacja reprezentująca [&hellip;]
