{"version":"1.0","provider_name":"Plastics Europe PL","provider_url":"https:\/\/plasticseurope.org\/pl","author_name":"weronikawertelecka","author_url":"https:\/\/plasticseurope.org\/pl\/author\/weronikawertelecka\/","title":"Targi PLASTPOL 2026 - Plastics Europe PL","type":"rich","width":600,"height":338,"html":"<blockquote class=\"wp-embedded-content\" data-secret=\"l03YwI0E7E\"><a href=\"https:\/\/plasticseurope.org\/pl\/events\/targi-plastpol-2026\/\">Targi PLASTPOL 2026<\/a><\/blockquote><iframe sandbox=\"allow-scripts\" security=\"restricted\" src=\"https:\/\/plasticseurope.org\/pl\/events\/targi-plastpol-2026\/embed\/#?secret=l03YwI0E7E\" width=\"600\" height=\"338\" title=\"&#8222;Targi PLASTPOL 2026&#8221; &#8212; Plastics Europe PL\" data-secret=\"l03YwI0E7E\" frameborder=\"0\" marginwidth=\"0\" marginheight=\"0\" scrolling=\"no\" class=\"wp-embedded-content\"><\/iframe><script type=\"text\/javascript\">\n\/* <![CDATA[ *\/\n\/*! This file is auto-generated *\/\n!function(d,l){\"use strict\";l.querySelector&&d.addEventListener&&\"undefined\"!=typeof URL&&(d.wp=d.wp||{},d.wp.receiveEmbedMessage||(d.wp.receiveEmbedMessage=function(e){var t=e.data;if((t||t.secret||t.message||t.value)&&!\/[^a-zA-Z0-9]\/.test(t.secret)){for(var s,r,n,a=l.querySelectorAll('iframe[data-secret=\"'+t.secret+'\"]'),o=l.querySelectorAll('blockquote[data-secret=\"'+t.secret+'\"]'),c=new RegExp(\"^https?:$\",\"i\"),i=0;i<o.length;i++)o[i].style.display=\"none\";for(i=0;i<a.length;i++)s=a[i],e.source===s.contentWindow&&(s.removeAttribute(\"style\"),\"height\"===t.message?(1e3<(r=parseInt(t.value,10))?r=1e3:~~r<200&&(r=200),s.height=r):\"link\"===t.message&&(r=new URL(s.getAttribute(\"src\")),n=new URL(t.value),c.test(n.protocol))&&n.host===r.host&&l.activeElement===s&&(d.top.location.href=t.value))}},d.addEventListener(\"message\",d.wp.receiveEmbedMessage,!1),l.addEventListener(\"DOMContentLoaded\",function(){for(var e,t,s=l.querySelectorAll(\"iframe.wp-embedded-content\"),r=0;r<s.length;r++)(t=(e=s[r]).getAttribute(\"data-secret\"))||(t=Math.random().toString(36).substring(2,12),e.src+=\"#?secret=\"+t,e.setAttribute(\"data-secret\",t)),e.contentWindow.postMessage({message:\"ready\",secret:t},\"*\")},!1)))}(window,document);\n\/\/# sourceURL=https:\/\/plasticseurope.org\/pl\/wp-includes\/js\/wp-embed.min.js\n\/* ]]> *\/\n<\/script>\n","thumbnail_url":"https:\/\/plasticseurope.org\/pl\/wp-content\/uploads\/sites\/7\/2026\/03\/KONFERENCJA-OTWARCIA-www-1.png","thumbnail_width":688,"thumbnail_height":550,"description":"Z okazji XXX Targ\u00f3w Przetw\u00f3rstwa Tworzyw Sztucznych i Gumy PLASTPOL 2026 zapraszamy na konferencj\u0119 prasow\u0105 otwarcia Targ\u00f3w, a tak\u017ce na specjalne wydarzenie ekspercie inauguruj\u0105ce nowy projekt Plastics Europe Polska. Podczas konferencji odb\u0119dzie si\u0119 r\u00f3wnie\u017c premiera najnowszego raportu Plastics Europe &#8222;Tworzywa sztuczne w obiegu zamkni\u0119tym \u2013 Analiza sytuacji w Europie 2026&#8221;. 19 maja 2026 r. (wtorek), [&hellip;]"}

Z okazji XXX Targów Przetwórstwa Tworzyw Sztucznych i Gumy PLASTPOL 2026 zapraszamy na konferencję prasową otwarcia Targów, a także na specjalne wydarzenie ekspercie inaugurujące nowy projekt Plastics Europe Polska. Podczas konferencji odbędzie się również premiera najnowszego raportu Plastics Europe &#8222;Tworzywa sztuczne w obiegu zamkniętym – Analiza sytuacji w Europie 2026&#8221;. 19 maja 2026 r. (wtorek), [&hellip;]
