{"version":"1.0","provider_name":"Plastics Europe PL","provider_url":"https:\/\/plasticseurope.org\/pl","author_name":"weronikawertelecka","author_url":"https:\/\/plasticseurope.org\/pl\/author\/weronikawertelecka\/","title":"Komentarz bran\u017cy do propozycji End-of-Life Vehicles - Plastics Europe PL","type":"rich","width":600,"height":338,"html":"<blockquote class=\"wp-embedded-content\" data-secret=\"vyVbHeO3Eh\"><a href=\"https:\/\/plasticseurope.org\/pl\/2023\/07\/13\/komentarz-branzy-do-propozycji-end-of-life-vehicles\/\">Komentarz bran\u017cy do propozycji End-of-Life Vehicles<\/a><\/blockquote><iframe sandbox=\"allow-scripts\" security=\"restricted\" src=\"https:\/\/plasticseurope.org\/pl\/2023\/07\/13\/komentarz-branzy-do-propozycji-end-of-life-vehicles\/embed\/#?secret=vyVbHeO3Eh\" width=\"600\" height=\"338\" title=\"&#8222;Komentarz bran\u017cy do propozycji End-of-Life Vehicles&#8221; &#8212; Plastics Europe PL\" data-secret=\"vyVbHeO3Eh\" frameborder=\"0\" marginwidth=\"0\" marginheight=\"0\" scrolling=\"no\" class=\"wp-embedded-content\"><\/iframe><script type=\"text\/javascript\">\n\/* <![CDATA[ *\/\n\/*! This file is auto-generated *\/\n!function(d,l){\"use strict\";l.querySelector&&d.addEventListener&&\"undefined\"!=typeof URL&&(d.wp=d.wp||{},d.wp.receiveEmbedMessage||(d.wp.receiveEmbedMessage=function(e){var t=e.data;if((t||t.secret||t.message||t.value)&&!\/[^a-zA-Z0-9]\/.test(t.secret)){for(var s,r,n,a=l.querySelectorAll('iframe[data-secret=\"'+t.secret+'\"]'),o=l.querySelectorAll('blockquote[data-secret=\"'+t.secret+'\"]'),c=new RegExp(\"^https?:$\",\"i\"),i=0;i<o.length;i++)o[i].style.display=\"none\";for(i=0;i<a.length;i++)s=a[i],e.source===s.contentWindow&&(s.removeAttribute(\"style\"),\"height\"===t.message?(1e3<(r=parseInt(t.value,10))?r=1e3:~~r<200&&(r=200),s.height=r):\"link\"===t.message&&(r=new URL(s.getAttribute(\"src\")),n=new URL(t.value),c.test(n.protocol))&&n.host===r.host&&l.activeElement===s&&(d.top.location.href=t.value))}},d.addEventListener(\"message\",d.wp.receiveEmbedMessage,!1),l.addEventListener(\"DOMContentLoaded\",function(){for(var e,t,s=l.querySelectorAll(\"iframe.wp-embedded-content\"),r=0;r<s.length;r++)(t=(e=s[r]).getAttribute(\"data-secret\"))||(t=Math.random().toString(36).substring(2,12),e.src+=\"#?secret=\"+t,e.setAttribute(\"data-secret\",t)),e.contentWindow.postMessage({message:\"ready\",secret:t},\"*\")},!1)))}(window,document);\n\/\/# sourceURL=https:\/\/plasticseurope.org\/pl\/wp-includes\/js\/wp-embed.min.js\n\/* ]]> *\/\n<\/script>\n","thumbnail_url":"https:\/\/plasticseurope.org\/pl\/wp-content\/uploads\/sites\/7\/2023\/07\/www-1.png","thumbnail_width":643,"thumbnail_height":365,"description":"Przyspieszenie zmian systemowych jest niezb\u0119dne w \u0142a\u0144cuchach warto\u015bci wszystkich ga\u0142\u0119zi przemys\u0142u, w tym w bran\u017cy motoryzacyjnej, aby osi\u0105gn\u0105\u0107 unijne cele klimatyczne i cyrkularne do 2050 r. Dlatego Plastics Europe z zadowoleniem przyjmuje ambitn\u0105 propozycj\u0119 Komisji Europejskiej dotycz\u0105c\u0105 ko\u0144ca cyklu \u017cycia pojazd\u00f3w End-of-Life Vehicles. Propozycja jest wa\u017cnym krokiem we w\u0142a\u015bciwym kierunku dla sektora motoryzacyjnego, ale stanowi [&hellip;]"}

Komentarz branży do propozycji End-of-Life Vehicles - Plastics Europe PL

<blockquote class="wp-embedded-content" data-secret="vyVbHeO3Eh"><a href="https://plasticseurope.org/pl/2023/07/13/komentarz-branzy-do-propozycji-end-of-life-vehicles/">Komentarz branży do propozycji End-of-Life Vehicles</a></blockquote><iframe sandbox="allow-scripts" security="restricted" src="https://plasticseurope.org/pl/2023/07/13/komentarz-branzy-do-propozycji-end-of-life-vehicles/embed/#?secret=vyVbHeO3Eh" width="600" height="338" title="&#8222;Komentarz branży do propozycji End-of-Life Vehicles&#8221; &#8212; Plastics Europe PL" data-secret="vyVbHeO3Eh" frameborder="0" marginwidth="0" marginheight="0" scrolling="no" class="wp-embedded-content"></iframe><script type="text/javascript">
/* <![CDATA[ */
/*! This file is auto-generated */
!function(d,l){"use strict";l.querySelector&&d.addEventListener&&"undefined"!=typeof URL&&(d.wp=d.wp||{},d.wp.receiveEmbedMessage||(d.wp.receiveEmbedMessage=function(e){var t=e.data;if((t||t.secret||t.message||t.value)&&!/[^a-zA-Z0-9]/.test(t.secret)){for(var s,r,n,a=l.querySelectorAll('iframe[data-secret="'+t.secret+'"]'),o=l.querySelectorAll('blockquote[data-secret="'+t.secret+'"]'),c=new RegExp("^https?:$","i"),i=0;i<o.length;i++)o[i].style.display="none";for(i=0;i<a.length;i++)s=a[i],e.source===s.contentWindow&&(s.removeAttribute("style"),"height"===t.message?(1e3<(r=parseInt(t.value,10))?r=1e3:~~r<200&&(r=200),s.height=r):"link"===t.message&&(r=new URL(s.getAttribute("src")),n=new URL(t.value),c.test(n.protocol))&&n.host===r.host&&l.activeElement===s&&(d.top.location.href=t.value))}},d.addEventListener("message",d.wp.receiveEmbedMessage,!1),l.addEventListener("DOMContentLoaded",function(){for(var e,t,s=l.querySelectorAll("iframe.wp-embedded-content"),r=0;r<s.length;r++)(t=(e=s[r]).getAttribute("data-secret"))||(t=Math.random().toString(36).substring(2,12),e.src+="#?secret="+t,e.setAttribute("data-secret",t)),e.contentWindow.postMessage({message:"ready",secret:t},"*")},!1)))}(window,document);
//# sourceURL=https://plasticseurope.org/pl/wp-includes/js/wp-embed.min.js
/* ]]> */
</script>

Przyspieszenie zmian systemowych jest niezbędne w łańcuchach wartości wszystkich gałęzi przemysłu, w tym w branży motoryzacyjnej, aby osiągnąć unijne cele klimatyczne i cyrkularne do 2050 r. Dlatego Plastics Europe z zadowoleniem przyjmuje ambitną propozycję Komisji Europejskiej dotyczącą końca cyklu życia pojazdów End-of-Life Vehicles. Propozycja jest ważnym krokiem we właściwym kierunku dla sektora motoryzacyjnego, ale stanowi [&hellip;]
