{"id":1998,"date":"2022-08-25T09:00:48","date_gmt":"2022-08-25T09:00:48","guid":{"rendered":"https:\/\/plasticseurope.wpenginepowered.com\/de\/?post_type=pe_event&#038;p=1998"},"modified":"2022-08-25T09:03:11","modified_gmt":"2022-08-25T09:03:11","slug":"plastics-outlook-politikszenarien-bis-2060","status":"publish","type":"pe_event","link":"https:\/\/plasticseurope.org\/de\/events\/plastics-outlook-politikszenarien-bis-2060\/","title":{"rendered":"Plastics Outlook: Politikszenarien bis 2060"},"content":{"rendered":"\n<p>Bis 2060 k\u00f6nnten sich die globalen Kunststoffabf\u00e4lle verdreifachen &#8211; das zeigen j\u00fcngste OECD-Analysen. Was es f\u00fcr eine Trendwende braucht, wird am 6.9.2022 mit Expert:innen aus Umweltschutz und Forschung, Industrie und Politik diskutiert.<\/p>\n\n\n\n<p>Impulsvortrag von <strong>Peter Borkey<\/strong>, <a href=\"https:\/\/www.oecd.org\/ueber-uns\/\" target=\"_blank\" rel=\"noreferrer noopener\">OECD<\/a><\/p>\n\n\n\n<p>und anschlie\u00dfende Diskussion mit <\/p>\n\n\n\n<ul class=\"wp-block-list\"><li><strong>Bernhard Bauske<\/strong>, Referent f\u00fcr Plastikm\u00fcll in den Weltmeeren, <a href=\"https:\/\/www.wwf.de\/\" target=\"_blank\" rel=\"noreferrer noopener\">WWF Deutschland<\/a><\/li><li><strong><a href=\"https:\/\/gesenhues.eu\/\" target=\"_blank\" rel=\"noreferrer noopener\">Jan-Niclas Gesenhues<\/a><\/strong>, MdB, B\u00fcndnis 90\/Die Gr\u00fcnen, Obmann, Ausschuss f\u00fcr Umwelt, Naturschutz, nukleare Sicherheit und Verbraucherschutz<\/li><li><strong>Lisa Kraft-Scheiderer<\/strong>, <a href=\"https:\/\/www.phi-info.com\/\" target=\"_blank\" rel=\"noreferrer noopener\">PHI Technik f\u00fcr Fenster und T\u00fcren GmbH<\/a><\/li><li><strong>Alexander Kronimus<\/strong>, Climate Protection &amp; Circular Economy, Plastics Europe<\/li><li><strong>Florian Mikulasch<\/strong>, <a href=\"https:\/\/www.vdma.org\/kunststoffmaschinen-gummimaschinen\" target=\"_blank\" rel=\"noreferrer noopener\">VDMA e.V., Kunststoff- und Gummimaschinen<\/a><\/li><\/ul>\n\n\n\n<div style=\"height:100px\" aria-hidden=\"true\" class=\"wp-block-spacer\"><\/div>\n\n\n\n<p>Moderation: <strong>Nicola Brandt<\/strong>, <a href=\"https:\/\/www.oecd.org\/ueber-uns\/\" target=\"_blank\" rel=\"noreferrer noopener\">OECD<\/a><\/p>\n","protected":false},"excerpt":{"rendered":"<p>Bis 2060 k\u00f6nnten sich die globalen Kunststoffabf\u00e4lle verdreifachen &#8211; das zeigen j\u00fcngste OECD-Analysen. Was es f\u00fcr eine Trendwende braucht, wird am 6.9.2022 mit Expert:innen aus Umweltschutz und Forschung, Industrie und Politik diskutiert. Impulsvortrag von Peter Borkey, OECD und anschlie\u00dfende Diskussion mit Bernhard Bauske, Referent f\u00fcr Plastikm\u00fcll in den Weltmeeren, WWF Deutschland Jan-Niclas Gesenhues, MdB, B\u00fcndnis [&hellip;]<\/p>\n","protected":false},"featured_media":342,"template":"","event-type":[],"class_list":["post-1998","pe_event","type-pe_event","status-publish","has-post-thumbnail","hentry"],"acf":[],"yoast_head":"<!-- This site is optimized with the Yoast SEO plugin v21.6 - https:\/\/yoast.com\/wordpress\/plugins\/seo\/ -->\n<title>Plastics Outlook: Politikszenarien bis 2060 - Plastics Europe DE<\/title>\n<meta name=\"robots\" content=\"index, follow, max-snippet:-1, max-image-preview:large, max-video-preview:-1\" \/>\n<link rel=\"canonical\" href=\"https:\/\/plasticseurope.org\/de\/events\/plastics-outlook-politikszenarien-bis-2060\/\" \/>\n<meta property=\"og:locale\" content=\"de_DE\" \/>\n<meta property=\"og:type\" content=\"article\" \/>\n<meta property=\"og:title\" content=\"Plastics Outlook: Politikszenarien bis 2060 - Plastics Europe DE\" \/>\n<meta property=\"og:description\" content=\"Bis 2060 k\u00f6nnten sich die globalen Kunststoffabf\u00e4lle verdreifachen &#8211; das zeigen j\u00fcngste OECD-Analysen. Was es f\u00fcr eine Trendwende braucht, wird am 6.9.2022 mit Expert:innen aus Umweltschutz und Forschung, Industrie und Politik diskutiert. Impulsvortrag von Peter Borkey, OECD und anschlie\u00dfende Diskussion mit Bernhard Bauske, Referent f\u00fcr Plastikm\u00fcll in den Weltmeeren, WWF Deutschland Jan-Niclas Gesenhues, MdB, B\u00fcndnis [&hellip;]\" \/>\n<meta property=\"og:url\" content=\"https:\/\/plasticseurope.org\/de\/events\/plastics-outlook-politikszenarien-bis-2060\/\" \/>\n<meta property=\"og:site_name\" content=\"Plastics Europe DE\" \/>\n<meta property=\"article:modified_time\" content=\"2022-08-25T09:03:11+00:00\" \/>\n<meta property=\"og:image\" content=\"https:\/\/plasticseurope.org\/de\/wp-content\/uploads\/sites\/3\/2021\/11\/4.-events_thumbnail.png\" \/>\n\t<meta property=\"og:image:width\" content=\"340\" \/>\n\t<meta property=\"og:image:height\" content=\"340\" \/>\n\t<meta property=\"og:image:type\" content=\"image\/png\" \/>\n<meta name=\"twitter:card\" content=\"summary_large_image\" \/>\n<meta name=\"twitter:label1\" content=\"Gesch\u00e4tzte Lesezeit\" \/>\n\t<meta name=\"twitter:data1\" content=\"1 Minute\" \/>\n<script type=\"application\/ld+json\" class=\"yoast-schema-graph\">{\"@context\":\"https:\/\/schema.org\",\"@graph\":[{\"@type\":\"WebPage\",\"@id\":\"https:\/\/plasticseurope.org\/de\/events\/plastics-outlook-politikszenarien-bis-2060\/\",\"url\":\"https:\/\/plasticseurope.org\/de\/events\/plastics-outlook-politikszenarien-bis-2060\/\",\"name\":\"Plastics Outlook: Politikszenarien bis 2060 - Plastics Europe DE\",\"isPartOf\":{\"@id\":\"https:\/\/plasticseurope.org\/de\/#website\"},\"datePublished\":\"2022-08-25T09:00:48+00:00\",\"dateModified\":\"2022-08-25T09:03:11+00:00\",\"breadcrumb\":{\"@id\":\"https:\/\/plasticseurope.org\/de\/events\/plastics-outlook-politikszenarien-bis-2060\/#breadcrumb\"},\"inLanguage\":\"de-DE\",\"potentialAction\":[{\"@type\":\"ReadAction\",\"target\":[\"https:\/\/plasticseurope.org\/de\/events\/plastics-outlook-politikszenarien-bis-2060\/\"]}]},{\"@type\":\"BreadcrumbList\",\"@id\":\"https:\/\/plasticseurope.org\/de\/events\/plastics-outlook-politikszenarien-bis-2060\/#breadcrumb\",\"itemListElement\":[{\"@type\":\"ListItem\",\"position\":1,\"name\":\"Home\",\"item\":\"https:\/\/plasticseurope.org\/de\/\"},{\"@type\":\"ListItem\",\"position\":2,\"name\":\"Plastics Outlook: Politikszenarien bis 2060\"}]},{\"@type\":\"WebSite\",\"@id\":\"https:\/\/plasticseurope.org\/de\/#website\",\"url\":\"https:\/\/plasticseurope.org\/de\/\",\"name\":\"Plastics Europe DE\",\"description\":\"Enabling a sustainable future\",\"potentialAction\":[{\"@type\":\"SearchAction\",\"target\":{\"@type\":\"EntryPoint\",\"urlTemplate\":\"https:\/\/plasticseurope.org\/de\/?s={search_term_string}\"},\"query-input\":\"required name=search_term_string\"}],\"inLanguage\":\"de-DE\"}]}<\/script>\n<!-- \/ Yoast SEO plugin. -->","yoast_head_json":{"title":"Plastics Outlook: Politikszenarien bis 2060 - Plastics Europe DE","robots":{"index":"index","follow":"follow","max-snippet":"max-snippet:-1","max-image-preview":"max-image-preview:large","max-video-preview":"max-video-preview:-1"},"canonical":"https:\/\/plasticseurope.org\/de\/events\/plastics-outlook-politikszenarien-bis-2060\/","og_locale":"de_DE","og_type":"article","og_title":"Plastics Outlook: Politikszenarien bis 2060 - Plastics Europe DE","og_description":"Bis 2060 k\u00f6nnten sich die globalen Kunststoffabf\u00e4lle verdreifachen &#8211; das zeigen j\u00fcngste OECD-Analysen. Was es f\u00fcr eine Trendwende braucht, wird am 6.9.2022 mit Expert:innen aus Umweltschutz und Forschung, Industrie und Politik diskutiert. Impulsvortrag von Peter Borkey, OECD und anschlie\u00dfende Diskussion mit Bernhard Bauske, Referent f\u00fcr Plastikm\u00fcll in den Weltmeeren, WWF Deutschland Jan-Niclas Gesenhues, MdB, B\u00fcndnis [&hellip;]","og_url":"https:\/\/plasticseurope.org\/de\/events\/plastics-outlook-politikszenarien-bis-2060\/","og_site_name":"Plastics Europe DE","article_modified_time":"2022-08-25T09:03:11+00:00","og_image":[{"width":340,"height":340,"url":"https:\/\/plasticseurope.org\/de\/wp-content\/uploads\/sites\/3\/2021\/11\/4.-events_thumbnail.png","type":"image\/png"}],"twitter_card":"summary_large_image","twitter_misc":{"Gesch\u00e4tzte Lesezeit":"1 Minute"},"schema":{"@context":"https:\/\/schema.org","@graph":[{"@type":"WebPage","@id":"https:\/\/plasticseurope.org\/de\/events\/plastics-outlook-politikszenarien-bis-2060\/","url":"https:\/\/plasticseurope.org\/de\/events\/plastics-outlook-politikszenarien-bis-2060\/","name":"Plastics Outlook: Politikszenarien bis 2060 - Plastics Europe DE","isPartOf":{"@id":"https:\/\/plasticseurope.org\/de\/#website"},"datePublished":"2022-08-25T09:00:48+00:00","dateModified":"2022-08-25T09:03:11+00:00","breadcrumb":{"@id":"https:\/\/plasticseurope.org\/de\/events\/plastics-outlook-politikszenarien-bis-2060\/#breadcrumb"},"inLanguage":"de-DE","potentialAction":[{"@type":"ReadAction","target":["https:\/\/plasticseurope.org\/de\/events\/plastics-outlook-politikszenarien-bis-2060\/"]}]},{"@type":"BreadcrumbList","@id":"https:\/\/plasticseurope.org\/de\/events\/plastics-outlook-politikszenarien-bis-2060\/#breadcrumb","itemListElement":[{"@type":"ListItem","position":1,"name":"Home","item":"https:\/\/plasticseurope.org\/de\/"},{"@type":"ListItem","position":2,"name":"Plastics Outlook: Politikszenarien bis 2060"}]},{"@type":"WebSite","@id":"https:\/\/plasticseurope.org\/de\/#website","url":"https:\/\/plasticseurope.org\/de\/","name":"Plastics Europe DE","description":"Enabling a sustainable future","potentialAction":[{"@type":"SearchAction","target":{"@type":"EntryPoint","urlTemplate":"https:\/\/plasticseurope.org\/de\/?s={search_term_string}"},"query-input":"required name=search_term_string"}],"inLanguage":"de-DE"}]}},"_links":{"self":[{"href":"https:\/\/plasticseurope.org\/de\/wp-json\/wp\/v2\/pe_event\/1998","targetHints":{"allow":["GET"]}}],"collection":[{"href":"https:\/\/plasticseurope.org\/de\/wp-json\/wp\/v2\/pe_event"}],"about":[{"href":"https:\/\/plasticseurope.org\/de\/wp-json\/wp\/v2\/types\/pe_event"}],"wp:featuredmedia":[{"embeddable":true,"href":"https:\/\/plasticseurope.org\/de\/wp-json\/wp\/v2\/media\/342"}],"wp:attachment":[{"href":"https:\/\/plasticseurope.org\/de\/wp-json\/wp\/v2\/media?parent=1998"}],"wp:term":[{"taxonomy":"event-type","embeddable":true,"href":"https:\/\/plasticseurope.org\/de\/wp-json\/wp\/v2\/event-type?post=1998"}],"curies":[{"name":"wp","href":"https:\/\/api.w.org\/{rel}","templated":true}]}}

<p>Bis 2060 könnten sich die globalen Kunststoffabfälle verdreifachen &#8211; das zeigen jüngste OECD-Analysen. Was es für eine Trendwende braucht, wird am 6.9.2022 mit Expert:innen aus Umweltschutz und Forschung, Industrie und Politik diskutiert.</p>



<p>Impulsvortrag von <strong>Peter Borkey</strong>, <a href="https://www.oecd.org/ueber-uns/" target="_blank" rel="noreferrer noopener">OECD</a></p>



<p>und anschließende Diskussion mit </p>



<ul class="wp-block-list"><li><strong>Bernhard Bauske</strong>, Referent für Plastikmüll in den Weltmeeren, <a href="https://www.wwf.de/" target="_blank" rel="noreferrer noopener">WWF Deutschland</a></li><li><strong><a href="https://gesenhues.eu/" target="_blank" rel="noreferrer noopener">Jan-Niclas Gesenhues</a></strong>, MdB, Bündnis 90/Die Grünen, Obmann, Ausschuss für Umwelt, Naturschutz, nukleare Sicherheit und Verbraucherschutz</li><li><strong>Lisa Kraft-Scheiderer</strong>, <a href="https://www.phi-info.com/" target="_blank" rel="noreferrer noopener">PHI Technik für Fenster und Türen GmbH</a></li><li><strong>Alexander Kronimus</strong>, Climate Protection &amp; Circular Economy, Plastics Europe</li><li><strong>Florian Mikulasch</strong>, <a href="https://www.vdma.org/kunststoffmaschinen-gummimaschinen" target="_blank" rel="noreferrer noopener">VDMA e.V., Kunststoff- und Gummimaschinen</a></li></ul>



<div style="height:100px" aria-hidden="true" class="wp-block-spacer"></div>



<p>Moderation: <strong>Nicola Brandt</strong>, <a href="https://www.oecd.org/ueber-uns/" target="_blank" rel="noreferrer noopener">OECD</a></p>

<p>Bis 2060 könnten sich die globalen Kunststoffabfälle verdreifachen &#8211; das zeigen jüngste OECD-Analysen. Was es für eine Trendwende braucht, wird am 6.9.2022 mit Expert:innen aus Umweltschutz und Forschung, Industrie und Politik diskutiert. Impulsvortrag von Peter Borkey, OECD und anschließende Diskussion mit Bernhard Bauske, Referent für Plastikmüll in den Weltmeeren, WWF Deutschland Jan-Niclas Gesenhues, MdB, Bündnis [&hellip;]</p>

<!-- This site is optimized with the Yoast SEO plugin v21.6 - https://yoast.com/wordpress/plugins/seo/ -->
<title>Plastics Outlook: Politikszenarien bis 2060 - Plastics Europe DE</title>
<meta name="robots" content="index, follow, max-snippet:-1, max-image-preview:large, max-video-preview:-1" />
<link rel="canonical" href="https://plasticseurope.org/de/events/plastics-outlook-politikszenarien-bis-2060/" />
<meta property="og:locale" content="de_DE" />
<meta property="og:type" content="article" />
<meta property="og:title" content="Plastics Outlook: Politikszenarien bis 2060 - Plastics Europe DE" />
<meta property="og:description" content="Bis 2060 könnten sich die globalen Kunststoffabfälle verdreifachen &#8211; das zeigen jüngste OECD-Analysen. Was es für eine Trendwende braucht, wird am 6.9.2022 mit Expert:innen aus Umweltschutz und Forschung, Industrie und Politik diskutiert. Impulsvortrag von Peter Borkey, OECD und anschließende Diskussion mit Bernhard Bauske, Referent für Plastikmüll in den Weltmeeren, WWF Deutschland Jan-Niclas Gesenhues, MdB, Bündnis [&hellip;]" />
<meta property="og:url" content="https://plasticseurope.org/de/events/plastics-outlook-politikszenarien-bis-2060/" />
<meta property="og:site_name" content="Plastics Europe DE" />
<meta property="article:modified_time" content="2022-08-25T09:03:11+00:00" />
<meta property="og:image" content="https://plasticseurope.org/de/wp-content/uploads/sites/3/2021/11/4.-events_thumbnail.png" />
	<meta property="og:image:width" content="340" />
	<meta property="og:image:height" content="340" />
	<meta property="og:image:type" content="image/png" />
<meta name="twitter:card" content="summary_large_image" />
<meta name="twitter:label1" content="Geschätzte Lesezeit" />
	<meta name="twitter:data1" content="1 Minute" />
<script type="application/ld+json" class="yoast-schema-graph">{"@context":"https://schema.org","@graph":[{"@type":"WebPage","@id":"https://plasticseurope.org/de/events/plastics-outlook-politikszenarien-bis-2060/","url":"https://plasticseurope.org/de/events/plastics-outlook-politikszenarien-bis-2060/","name":"Plastics Outlook: Politikszenarien bis 2060 - Plastics Europe DE","isPartOf":{"@id":"https://plasticseurope.org/de/#website"},"datePublished":"2022-08-25T09:00:48+00:00","dateModified":"2022-08-25T09:03:11+00:00","breadcrumb":{"@id":"https://plasticseurope.org/de/events/plastics-outlook-politikszenarien-bis-2060/#breadcrumb"},"inLanguage":"de-DE","potentialAction":[{"@type":"ReadAction","target":["https://plasticseurope.org/de/events/plastics-outlook-politikszenarien-bis-2060/"]}]},{"@type":"BreadcrumbList","@id":"https://plasticseurope.org/de/events/plastics-outlook-politikszenarien-bis-2060/#breadcrumb","itemListElement":[{"@type":"ListItem","position":1,"name":"Home","item":"https://plasticseurope.org/de/"},{"@type":"ListItem","position":2,"name":"Plastics Outlook: Politikszenarien bis 2060"}]},{"@type":"WebSite","@id":"https://plasticseurope.org/de/#website","url":"https://plasticseurope.org/de/","name":"Plastics Europe DE","description":"Enabling a sustainable future","potentialAction":[{"@type":"SearchAction","target":{"@type":"EntryPoint","urlTemplate":"https://plasticseurope.org/de/?s={search_term_string}"},"query-input":"required name=search_term_string"}],"inLanguage":"de-DE"}]}</script>
<!-- / Yoast SEO plugin. -->

Bis 2060 könnten sich die globalen Kunststoffabfälle verdreifachen &#8211; das zeigen jüngste OECD-Analysen. Was es für eine Trendwende braucht, wird am 6.9.2022 mit Expert:innen aus Umweltschutz und Forschung, Industrie und Politik diskutiert. Impulsvortrag von Peter Borkey, OECD und anschließende Diskussion mit Bernhard Bauske, Referent für Plastikmüll in den Weltmeeren, WWF Deutschland Jan-Niclas Gesenhues, MdB, Bündnis [&hellip;]
