{"id":13061,"date":"2026-04-22T14:17:49","date_gmt":"2026-04-22T14:17:49","guid":{"rendered":"https:\/\/plasticseurope.org\/de\/?post_type=pe_event&#038;p=13061"},"modified":"2026-04-22T17:08:29","modified_gmt":"2026-04-22T17:08:29","slug":"ami-compounding-recycling-expo-2026","status":"publish","type":"pe_event","link":"https:\/\/plasticseurope.org\/de\/events\/ami-compounding-recycling-expo-2026\/","title":{"rendered":"AMI Compounding &amp; Recycling Expo 2026"},"content":{"rendered":"\n<p>Die<strong> Compounding &amp; Recycling Expo<\/strong> findet am <strong>23. und 24. September 2026<\/strong> auf der <strong>Messe Frankfurt<\/strong> statt. Der Eintritt ist <strong>kostenlos<\/strong>. Im Mittelpunkt steht das immer st\u00e4rkere Zusammenspiel von Polymer\u2011Compounding und Recycling. Ziel ist es, f\u00fcr zwei Tage die gesamte Wertsch\u00f6pfungskette zusammenzubringen \u2013 f\u00fcr Austausch, neue Ideen und technische Einblicke.<\/p>\n\n\n\n<p>Besucherinnen und Besucher erhalten au\u00dferdem freien Zugang zu zwei begleitenden Konferenzforen. Dort geben Expertinnen und Experten Einblicke in aktuelle Markttrends, technische Entwicklungen, innovative Anwendungen und die sich weiterentwickelnde europ\u00e4ische Regulierung.<\/p>\n\n\n\n<p>Da Compounding und Recycling zunehmend zusammenwachsen, bietet die Veranstaltung eine ideale Plattform, um \u00fcber die Zukunft leistungsf\u00e4higer, nachhaltiger und kreislauff\u00e4higer Kunststoffe zu sprechen. Auf der Messe werden moderne L\u00f6sungen f\u00fchrender Anbieter pr\u00e4sentiert \u2013 von Compounding\u2011Anlagen \u00fcber Rohstoffe und Additive bis hin zu Recyclingtechnologien und Pr\u00fcftechnik. Zu den bereits best\u00e4tigten Ausstellern z\u00e4hlen unter anderem <strong>Wacker, BASF, Sun Chemical, SI Group, JSW, Hosokawa Alpine, Farrel Pomini, Van Werven, Maag, Invista, Orion, Gneuss, Theysohn<\/strong> und viele mehr.<\/p>\n\n\n\n<p>Mitten im Herzen Europas gelegen, ist Frankfurt ein idealer Veranstaltungsort. Deutschland ist der gr\u00f6\u00dfte Kunststoffmarkt Europas und international f\u00fchrend in Materialforschung und Recycling. Dank hervorragender Verkehrsanbindungen ist Frankfurt ein zentraler Treffpunkt f\u00fcr ein internationales Fachpublikum \u2013 von Compoundeuren und Masterbatch\u2011Herstellern \u00fcber Recycler und Entsorger bis hin zu Verarbeitern und OEMs.<\/p>\n\n\n\n<p>\u201eDie Zukunft von Compounding und Recycling ist eng miteinander verkn\u00fcpft\u201c, sagt <strong>Andy Beevers<\/strong>, Event Director bei AMI. \u201eGemeinsam mit der Branche haben wir genau hingeschaut, wo die aktuellen Herausforderungen und Chancen liegen. Die Expo ist das Ergebnis: eine europaweit einzigartige Plattform, auf der die gesamte Lieferkette zusammenkommt, sich austauscht und gemeinsam an den Materialien von morgen arbeitet.\u201c<\/p>\n\n\n\n<p>Die <strong>Compounding &amp; Recycling Expo Europe<\/strong> richtet sich vor allem an Entscheiderinnen und Entscheider aus den Bereichen Kunststoff\u2011Compounding, Recycling, Abfallmanagement und Verarbeitung. Dar\u00fcber hinaus spricht sie Nachhaltigkeits\u2011 und Materialexpertinnen und \u2011experten aus Anwenderbranchen wie Verpackung, Automobil, Bau, Elektronik und weiteren Industrien an.<\/p>\n\n\n\n<p>Die kostenlose <strong>Besucherregistrierung <\/strong>ist \u00fcber die offizielle Website m\u00f6glich:<br>\ud83d\udc49<a href=\"https:\/\/www.ami-events.com\/qNEw0w?utm_source=PR&amp;utm_campaign=26_CRE_EU&amp;utm_medium=website&amp;RefId=PR1\"> https:\/\/www.ami-events.com\/qNEw0w?utm_source=PR&amp;utm_campaign=26_CRE_EU&amp;utm_medium=website&amp;RefId=PR1<\/a><\/p>\n\n\n\n<p>F\u00fcr <strong>Aussteller <\/strong>sind nur noch wenige Fl\u00e4chen verf\u00fcgbar. Unternehmen, die teilnehmen m\u00f6chten, k\u00f6nnen sich hier informieren:<br>\ud83d\udc49 <a href=\"https:\/\/events.amiplastics.com\/compounding-recycling-expo-eu\/exhibit\/become-exhibitor\">https:\/\/events.amiplastics.com\/compounding-recycling-expo-eu\/exhibit\/become-exhibitor<\/a><\/p>\n\n\n\n<p><\/p>\n","protected":false},"excerpt":{"rendered":"<p>Die Compounding &amp; Recycling Expo findet am 23. und 24. September 2026 auf der Messe Frankfurt statt. Der Eintritt ist kostenlos. Im Mittelpunkt steht das immer st\u00e4rkere Zusammenspiel von Polymer\u2011Compounding und Recycling. Ziel ist es, f\u00fcr zwei Tage die gesamte Wertsch\u00f6pfungskette zusammenzubringen \u2013 f\u00fcr Austausch, neue Ideen und technische Einblicke.<\/p>\n","protected":false},"featured_media":13064,"template":"","event-type":[],"class_list":["post-13061","pe_event","type-pe_event","status-publish","has-post-thumbnail","hentry"],"acf":[],"yoast_head":"<!-- This site is optimized with the Yoast SEO plugin v21.6 - https:\/\/yoast.com\/wordpress\/plugins\/seo\/ -->\n<title>AMI Compounding &amp; Recycling Expo 2026<\/title>\n<meta name=\"description\" content=\"Die Compounding &amp; Recycling Expo findet am 23. und 24. September 2026 auf der Messe Frankfurt statt. Der Eintritt ist kostenlos.\" \/>\n<meta name=\"robots\" content=\"index, follow, max-snippet:-1, max-image-preview:large, max-video-preview:-1\" \/>\n<link rel=\"canonical\" href=\"https:\/\/www.skz.de\/bildung\/tagung\/fuse-box-meets-dryer-kunststoffe-in-elektrik-und-elektronik\" \/>\n<meta property=\"og:locale\" content=\"de_DE\" \/>\n<meta property=\"og:type\" content=\"article\" \/>\n<meta property=\"og:title\" content=\"AMI Compounding &amp; Recycling Expo 2026\" \/>\n<meta property=\"og:description\" content=\"Die Compounding &amp; Recycling Expo findet am 23. und 24. September 2026 auf der Messe Frankfurt statt. Der Eintritt ist kostenlos.\" \/>\n<meta property=\"og:url\" content=\"https:\/\/www.skz.de\/bildung\/tagung\/fuse-box-meets-dryer-kunststoffe-in-elektrik-und-elektronik\" \/>\n<meta property=\"og:site_name\" content=\"Plastics Europe DE\" \/>\n<meta property=\"article:modified_time\" content=\"2026-04-22T17:08:29+00:00\" \/>\n<meta property=\"og:image\" content=\"https:\/\/plasticseurope.org\/de\/wp-content\/uploads\/sites\/3\/2026\/04\/CRE_Logo_Left_Colour-002.png\" \/>\n\t<meta property=\"og:image:width\" content=\"2273\" \/>\n\t<meta property=\"og:image:height\" content=\"996\" \/>\n\t<meta property=\"og:image:type\" content=\"image\/png\" \/>\n<meta name=\"twitter:card\" content=\"summary_large_image\" \/>\n<meta name=\"twitter:title\" content=\"IFAT Munich 2026\" \/>\n<meta name=\"twitter:description\" content=\"Die IFAT Munich 2026 findet vom 4. bis 8. Mai auf dem Messegel\u00e4nde M\u00fcnchen statt und gilt als weltweit f\u00fchrende Fachmesse f\u00fcr Umwelttechnologien.\" \/>\n<meta name=\"twitter:image\" content=\"https:\/\/plasticseurope.org\/de\/wp-content\/uploads\/sites\/3\/2023\/07\/Design-ohne-Titel-14.png\" \/>\n<meta name=\"twitter:label1\" content=\"Gesch\u00e4tzte Lesezeit\" \/>\n\t<meta name=\"twitter:data1\" content=\"2 Minuten\" \/>\n<script type=\"application\/ld+json\" class=\"yoast-schema-graph\">{\"@context\":\"https:\/\/schema.org\",\"@graph\":[{\"@type\":\"WebPage\",\"@id\":\"https:\/\/plasticseurope.org\/de\/events\/ami-compounding-recycling-expo-2026\/\",\"url\":\"https:\/\/www.skz.de\/bildung\/tagung\/fuse-box-meets-dryer-kunststoffe-in-elektrik-und-elektronik\",\"name\":\"AMI Compounding & Recycling Expo 2026\",\"isPartOf\":{\"@id\":\"https:\/\/plasticseurope.org\/de\/#website\"},\"datePublished\":\"2026-04-22T14:17:49+00:00\",\"dateModified\":\"2026-04-22T17:08:29+00:00\",\"description\":\"Die Compounding & Recycling Expo findet am 23. und 24. September 2026 auf der Messe Frankfurt statt. Der Eintritt ist kostenlos.\",\"breadcrumb\":{\"@id\":\"https:\/\/www.skz.de\/bildung\/tagung\/fuse-box-meets-dryer-kunststoffe-in-elektrik-und-elektronik#breadcrumb\"},\"inLanguage\":\"de-DE\",\"potentialAction\":[{\"@type\":\"ReadAction\",\"target\":[\"https:\/\/www.skz.de\/bildung\/tagung\/fuse-box-meets-dryer-kunststoffe-in-elektrik-und-elektronik\"]}]},{\"@type\":\"BreadcrumbList\",\"@id\":\"https:\/\/www.skz.de\/bildung\/tagung\/fuse-box-meets-dryer-kunststoffe-in-elektrik-und-elektronik#breadcrumb\",\"itemListElement\":[{\"@type\":\"ListItem\",\"position\":1,\"name\":\"Home\",\"item\":\"https:\/\/plasticseurope.org\/de\/\"},{\"@type\":\"ListItem\",\"position\":2,\"name\":\"AMI Compounding &amp; Recycling Expo 2026\"}]},{\"@type\":\"WebSite\",\"@id\":\"https:\/\/plasticseurope.org\/de\/#website\",\"url\":\"https:\/\/plasticseurope.org\/de\/\",\"name\":\"Plastics Europe DE\",\"description\":\"Enabling a sustainable future\",\"potentialAction\":[{\"@type\":\"SearchAction\",\"target\":{\"@type\":\"EntryPoint\",\"urlTemplate\":\"https:\/\/plasticseurope.org\/de\/?s={search_term_string}\"},\"query-input\":\"required name=search_term_string\"}],\"inLanguage\":\"de-DE\"}]}<\/script>\n<!-- \/ Yoast SEO plugin. -->","yoast_head_json":{"title":"AMI Compounding & Recycling Expo 2026","description":"Die Compounding & Recycling Expo findet am 23. und 24. September 2026 auf der Messe Frankfurt statt. Der Eintritt ist kostenlos.","robots":{"index":"index","follow":"follow","max-snippet":"max-snippet:-1","max-image-preview":"max-image-preview:large","max-video-preview":"max-video-preview:-1"},"canonical":"https:\/\/www.skz.de\/bildung\/tagung\/fuse-box-meets-dryer-kunststoffe-in-elektrik-und-elektronik","og_locale":"de_DE","og_type":"article","og_title":"AMI Compounding & Recycling Expo 2026","og_description":"Die Compounding & Recycling Expo findet am 23. und 24. September 2026 auf der Messe Frankfurt statt. Der Eintritt ist kostenlos.","og_url":"https:\/\/www.skz.de\/bildung\/tagung\/fuse-box-meets-dryer-kunststoffe-in-elektrik-und-elektronik","og_site_name":"Plastics Europe DE","article_modified_time":"2026-04-22T17:08:29+00:00","og_image":[{"width":2273,"height":996,"url":"https:\/\/plasticseurope.org\/de\/wp-content\/uploads\/sites\/3\/2026\/04\/CRE_Logo_Left_Colour-002.png","type":"image\/png"}],"twitter_card":"summary_large_image","twitter_title":"IFAT Munich 2026","twitter_description":"Die IFAT Munich 2026 findet vom 4. bis 8. Mai auf dem Messegel\u00e4nde M\u00fcnchen statt und gilt als weltweit f\u00fchrende Fachmesse f\u00fcr Umwelttechnologien.","twitter_image":"https:\/\/plasticseurope.org\/de\/wp-content\/uploads\/sites\/3\/2023\/07\/Design-ohne-Titel-14.png","twitter_misc":{"Gesch\u00e4tzte Lesezeit":"2 Minuten"},"schema":{"@context":"https:\/\/schema.org","@graph":[{"@type":"WebPage","@id":"https:\/\/plasticseurope.org\/de\/events\/ami-compounding-recycling-expo-2026\/","url":"https:\/\/www.skz.de\/bildung\/tagung\/fuse-box-meets-dryer-kunststoffe-in-elektrik-und-elektronik","name":"AMI Compounding & Recycling Expo 2026","isPartOf":{"@id":"https:\/\/plasticseurope.org\/de\/#website"},"datePublished":"2026-04-22T14:17:49+00:00","dateModified":"2026-04-22T17:08:29+00:00","description":"Die Compounding & Recycling Expo findet am 23. und 24. September 2026 auf der Messe Frankfurt statt. Der Eintritt ist kostenlos.","breadcrumb":{"@id":"https:\/\/www.skz.de\/bildung\/tagung\/fuse-box-meets-dryer-kunststoffe-in-elektrik-und-elektronik#breadcrumb"},"inLanguage":"de-DE","potentialAction":[{"@type":"ReadAction","target":["https:\/\/www.skz.de\/bildung\/tagung\/fuse-box-meets-dryer-kunststoffe-in-elektrik-und-elektronik"]}]},{"@type":"BreadcrumbList","@id":"https:\/\/www.skz.de\/bildung\/tagung\/fuse-box-meets-dryer-kunststoffe-in-elektrik-und-elektronik#breadcrumb","itemListElement":[{"@type":"ListItem","position":1,"name":"Home","item":"https:\/\/plasticseurope.org\/de\/"},{"@type":"ListItem","position":2,"name":"AMI Compounding &amp; Recycling Expo 2026"}]},{"@type":"WebSite","@id":"https:\/\/plasticseurope.org\/de\/#website","url":"https:\/\/plasticseurope.org\/de\/","name":"Plastics Europe DE","description":"Enabling a sustainable future","potentialAction":[{"@type":"SearchAction","target":{"@type":"EntryPoint","urlTemplate":"https:\/\/plasticseurope.org\/de\/?s={search_term_string}"},"query-input":"required name=search_term_string"}],"inLanguage":"de-DE"}]}},"_links":{"self":[{"href":"https:\/\/plasticseurope.org\/de\/wp-json\/wp\/v2\/pe_event\/13061","targetHints":{"allow":["GET"]}}],"collection":[{"href":"https:\/\/plasticseurope.org\/de\/wp-json\/wp\/v2\/pe_event"}],"about":[{"href":"https:\/\/plasticseurope.org\/de\/wp-json\/wp\/v2\/types\/pe_event"}],"wp:featuredmedia":[{"embeddable":true,"href":"https:\/\/plasticseurope.org\/de\/wp-json\/wp\/v2\/media\/13064"}],"wp:attachment":[{"href":"https:\/\/plasticseurope.org\/de\/wp-json\/wp\/v2\/media?parent=13061"}],"wp:term":[{"taxonomy":"event-type","embeddable":true,"href":"https:\/\/plasticseurope.org\/de\/wp-json\/wp\/v2\/event-type?post=13061"}],"curies":[{"name":"wp","href":"https:\/\/api.w.org\/{rel}","templated":true}]}}

<p>Die<strong> Compounding &amp; Recycling Expo</strong> findet am <strong>23. und 24. September 2026</strong> auf der <strong>Messe Frankfurt</strong> statt. Der Eintritt ist <strong>kostenlos</strong>. Im Mittelpunkt steht das immer stärkere Zusammenspiel von Polymer‑Compounding und Recycling. Ziel ist es, für zwei Tage die gesamte Wertschöpfungskette zusammenzubringen – für Austausch, neue Ideen und technische Einblicke.</p>



<p>Besucherinnen und Besucher erhalten außerdem freien Zugang zu zwei begleitenden Konferenzforen. Dort geben Expertinnen und Experten Einblicke in aktuelle Markttrends, technische Entwicklungen, innovative Anwendungen und die sich weiterentwickelnde europäische Regulierung.</p>



<p>Da Compounding und Recycling zunehmend zusammenwachsen, bietet die Veranstaltung eine ideale Plattform, um über die Zukunft leistungsfähiger, nachhaltiger und kreislauffähiger Kunststoffe zu sprechen. Auf der Messe werden moderne Lösungen führender Anbieter präsentiert – von Compounding‑Anlagen über Rohstoffe und Additive bis hin zu Recyclingtechnologien und Prüftechnik. Zu den bereits bestätigten Ausstellern zählen unter anderem <strong>Wacker, BASF, Sun Chemical, SI Group, JSW, Hosokawa Alpine, Farrel Pomini, Van Werven, Maag, Invista, Orion, Gneuss, Theysohn</strong> und viele mehr.</p>



<p>Mitten im Herzen Europas gelegen, ist Frankfurt ein idealer Veranstaltungsort. Deutschland ist der größte Kunststoffmarkt Europas und international führend in Materialforschung und Recycling. Dank hervorragender Verkehrsanbindungen ist Frankfurt ein zentraler Treffpunkt für ein internationales Fachpublikum – von Compoundeuren und Masterbatch‑Herstellern über Recycler und Entsorger bis hin zu Verarbeitern und OEMs.</p>



<p>„Die Zukunft von Compounding und Recycling ist eng miteinander verknüpft“, sagt <strong>Andy Beevers</strong>, Event Director bei AMI. „Gemeinsam mit der Branche haben wir genau hingeschaut, wo die aktuellen Herausforderungen und Chancen liegen. Die Expo ist das Ergebnis: eine europaweit einzigartige Plattform, auf der die gesamte Lieferkette zusammenkommt, sich austauscht und gemeinsam an den Materialien von morgen arbeitet.“</p>



<p>Die <strong>Compounding &amp; Recycling Expo Europe</strong> richtet sich vor allem an Entscheiderinnen und Entscheider aus den Bereichen Kunststoff‑Compounding, Recycling, Abfallmanagement und Verarbeitung. Darüber hinaus spricht sie Nachhaltigkeits‑ und Materialexpertinnen und ‑experten aus Anwenderbranchen wie Verpackung, Automobil, Bau, Elektronik und weiteren Industrien an.</p>



<p>Die kostenlose <strong>Besucherregistrierung </strong>ist über die offizielle Website möglich:<br>👉<a href="https://www.ami-events.com/qNEw0w?utm_source=PR&amp;utm_campaign=26_CRE_EU&amp;utm_medium=website&amp;RefId=PR1"> https://www.ami-events.com/qNEw0w?utm_source=PR&amp;utm_campaign=26_CRE_EU&amp;utm_medium=website&amp;RefId=PR1</a></p>



<p>Für <strong>Aussteller </strong>sind nur noch wenige Flächen verfügbar. Unternehmen, die teilnehmen möchten, können sich hier informieren:<br>👉 <a href="https://events.amiplastics.com/compounding-recycling-expo-eu/exhibit/become-exhibitor">https://events.amiplastics.com/compounding-recycling-expo-eu/exhibit/become-exhibitor</a></p>



<p></p>

<p>Die Compounding &amp; Recycling Expo findet am 23. und 24. September 2026 auf der Messe Frankfurt statt. Der Eintritt ist kostenlos. Im Mittelpunkt steht das immer stärkere Zusammenspiel von Polymer‑Compounding und Recycling. Ziel ist es, für zwei Tage die gesamte Wertschöpfungskette zusammenzubringen – für Austausch, neue Ideen und technische Einblicke.</p>

<!-- This site is optimized with the Yoast SEO plugin v21.6 - https://yoast.com/wordpress/plugins/seo/ -->
<title>AMI Compounding &amp; Recycling Expo 2026</title>
<meta name="description" content="Die Compounding &amp; Recycling Expo findet am 23. und 24. September 2026 auf der Messe Frankfurt statt. Der Eintritt ist kostenlos." />
<meta name="robots" content="index, follow, max-snippet:-1, max-image-preview:large, max-video-preview:-1" />
<link rel="canonical" href="https://www.skz.de/bildung/tagung/fuse-box-meets-dryer-kunststoffe-in-elektrik-und-elektronik" />
<meta property="og:locale" content="de_DE" />
<meta property="og:type" content="article" />
<meta property="og:title" content="AMI Compounding &amp; Recycling Expo 2026" />
<meta property="og:description" content="Die Compounding &amp; Recycling Expo findet am 23. und 24. September 2026 auf der Messe Frankfurt statt. Der Eintritt ist kostenlos." />
<meta property="og:url" content="https://www.skz.de/bildung/tagung/fuse-box-meets-dryer-kunststoffe-in-elektrik-und-elektronik" />
<meta property="og:site_name" content="Plastics Europe DE" />
<meta property="article:modified_time" content="2026-04-22T17:08:29+00:00" />
<meta property="og:image" content="https://plasticseurope.org/de/wp-content/uploads/sites/3/2026/04/CRE_Logo_Left_Colour-002.png" />
	<meta property="og:image:width" content="2273" />
	<meta property="og:image:height" content="996" />
	<meta property="og:image:type" content="image/png" />
<meta name="twitter:card" content="summary_large_image" />
<meta name="twitter:title" content="IFAT Munich 2026" />
<meta name="twitter:description" content="Die IFAT Munich 2026 findet vom 4. bis 8. Mai auf dem Messegelände München statt und gilt als weltweit führende Fachmesse für Umwelttechnologien." />
<meta name="twitter:image" content="https://plasticseurope.org/de/wp-content/uploads/sites/3/2023/07/Design-ohne-Titel-14.png" />
<meta name="twitter:label1" content="Geschätzte Lesezeit" />
	<meta name="twitter:data1" content="2 Minuten" />
<script type="application/ld+json" class="yoast-schema-graph">{"@context":"https://schema.org","@graph":[{"@type":"WebPage","@id":"https://plasticseurope.org/de/events/ami-compounding-recycling-expo-2026/","url":"https://www.skz.de/bildung/tagung/fuse-box-meets-dryer-kunststoffe-in-elektrik-und-elektronik","name":"AMI Compounding & Recycling Expo 2026","isPartOf":{"@id":"https://plasticseurope.org/de/#website"},"datePublished":"2026-04-22T14:17:49+00:00","dateModified":"2026-04-22T17:08:29+00:00","description":"Die Compounding & Recycling Expo findet am 23. und 24. September 2026 auf der Messe Frankfurt statt. Der Eintritt ist kostenlos.","breadcrumb":{"@id":"https://www.skz.de/bildung/tagung/fuse-box-meets-dryer-kunststoffe-in-elektrik-und-elektronik#breadcrumb"},"inLanguage":"de-DE","potentialAction":[{"@type":"ReadAction","target":["https://www.skz.de/bildung/tagung/fuse-box-meets-dryer-kunststoffe-in-elektrik-und-elektronik"]}]},{"@type":"BreadcrumbList","@id":"https://www.skz.de/bildung/tagung/fuse-box-meets-dryer-kunststoffe-in-elektrik-und-elektronik#breadcrumb","itemListElement":[{"@type":"ListItem","position":1,"name":"Home","item":"https://plasticseurope.org/de/"},{"@type":"ListItem","position":2,"name":"AMI Compounding &amp; Recycling Expo 2026"}]},{"@type":"WebSite","@id":"https://plasticseurope.org/de/#website","url":"https://plasticseurope.org/de/","name":"Plastics Europe DE","description":"Enabling a sustainable future","potentialAction":[{"@type":"SearchAction","target":{"@type":"EntryPoint","urlTemplate":"https://plasticseurope.org/de/?s={search_term_string}"},"query-input":"required name=search_term_string"}],"inLanguage":"de-DE"}]}</script>
<!-- / Yoast SEO plugin. -->

Die IFAT Munich 2026 findet vom 4. bis 8. Mai auf dem Messegelände München statt und gilt als weltweit führende Fachmesse für Umwelttechnologien.
