{"id":12936,"date":"2026-02-19T09:35:27","date_gmt":"2026-02-19T09:35:27","guid":{"rendered":"https:\/\/plasticseurope.org\/de\/?post_type=pe_event&#038;p=12936"},"modified":"2026-03-16T10:47:14","modified_gmt":"2026-03-16T10:47:14","slug":"wirtschaftspressekonferenz-2026","status":"publish","type":"pe_event","link":"https:\/\/plasticseurope.org\/de\/events\/wirtschaftspressekonferenz-2026\/","title":{"rendered":"Wirtschaftspressekonferenz 2026"},"content":{"rendered":"\n<p>Am 17. M\u00e4rz 2026 pr\u00e4sentiert&nbsp;PlasticsEurope Deutschland e.V., der Verband der Kunststofferzeuger, seinen j\u00e4hrlichen Bericht zur aktuellen Wirtschaftslage der Kunststoffindustrie in Deutschland. Bei der diesj\u00e4hrigen Wirtschaftspressekonferenz werden&nbsp;Ralf D\u00fcssel&nbsp;(Vorsitzender), Christine Bunte (Hauptgesch\u00e4ftsf\u00fchrerin), Maximilian Nichterlein<strong>&nbsp;<\/strong>(Wirtschaftssprecher) das zur\u00fcckliegende Gesch\u00e4ftsjahr 2025 analysieren, einen Ausblick auf das laufende Gesch\u00e4ftsjahr 2026 geben und die Priorit\u00e4ten der Industrie zum Standort Deutschland pr\u00e4sentieren.<\/p>\n\n\n\n<h2 class=\"wp-block-heading\"><strong>Agenda:<\/strong><\/h2>\n\n\n\n<ul class=\"wp-block-list\">\n<li><strong>08:00 &#8211; 08:05 Uhr:\u00a0Begr\u00fc\u00dfung<\/strong><br><em>Dr. Christine Bunte, Hauptgesch\u00e4ftsf\u00fchrerin<\/em><\/li>\n\n\n\n<li><strong>08:05 &#8211; 08:20 Uhr:\u00a0R\u00fcckblick: Das Gesch\u00e4ftsjahr 2025<\/strong><br><em>Maximilian Nichterlein, Wirtschaftssprecher<\/em><\/li>\n\n\n\n<li><strong>08:20 &#8211; 08:30 Uhr: Dringende Ma\u00dfnahmen zum Erhalt der deutschen Kunststoffindustrie<\/strong><br>Dr. Ralf D\u00fcssel, Vorsitzender<\/li>\n\n\n\n<li><strong>08:30 &#8211; 08:40 Uhr: Kreislaufwirtschaft: von der Umwelt-zur Rohstoffpolitik<\/strong><br>Dr. Christine Bunte, Hauptgesch\u00e4ftsf\u00fchrerin<\/li>\n\n\n\n<li><strong>08:40 &#8211; 09:00 Uhr: <\/strong>Q&amp;A<\/li>\n<\/ul>\n\n\n\n<p>Die Pressemitteilung wird im Anschluss an die Wirtschaftspressekonferenz versendet.&nbsp;<br>Fragen k\u00f6nnen \u00fcber den Chat gestellt werden.&nbsp;<\/p>\n\n\n\n<p><strong>Hinweis:<\/strong>&nbsp;Die Wirtschaftspressekonferenz wird aufgezeichnet.<\/p>\n","protected":false},"excerpt":{"rendered":"<p>Registrieren Sie sich f\u00fcr die Wirtschaftspressekonferenz 2025 von Plastics Europe Deutschland, am 17. M\u00e4rz 2025, online<\/p>\n","protected":false},"featured_media":11123,"template":"","event-type":[],"class_list":["post-12936","pe_event","type-pe_event","status-publish","has-post-thumbnail","hentry"],"acf":[],"yoast_head":"<!-- This site is optimized with the Yoast SEO plugin v21.6 - https:\/\/yoast.com\/wordpress\/plugins\/seo\/ -->\n<title>Wirtschaftspressekonferenz 2026<\/title>\n<meta name=\"description\" content=\"Registrieren Sie sich f\u00fcr die Wirtschaftspressekonferenz 2025 von Plastics Europe Deutschland, am 17. M\u00e4rz 2025, online\" \/>\n<meta name=\"robots\" content=\"index, follow, max-snippet:-1, max-image-preview:large, max-video-preview:-1\" \/>\n<link rel=\"canonical\" href=\"https:\/\/www.skz.de\/bildung\/tagung\/fuse-box-meets-dryer-kunststoffe-in-elektrik-und-elektronik\" \/>\n<meta property=\"og:locale\" content=\"de_DE\" \/>\n<meta property=\"og:type\" content=\"article\" \/>\n<meta property=\"og:title\" content=\"Wirtschaftspressekonferenz 2026\" \/>\n<meta property=\"og:description\" content=\"Registrieren Sie sich f\u00fcr die Wirtschaftspressekonferenz 2025 von Plastics Europe Deutschland, am 17. M\u00e4rz 2025, online\" \/>\n<meta property=\"og:url\" content=\"https:\/\/www.skz.de\/bildung\/tagung\/fuse-box-meets-dryer-kunststoffe-in-elektrik-und-elektronik\" \/>\n<meta property=\"og:site_name\" content=\"Plastics Europe DE\" \/>\n<meta property=\"article:modified_time\" content=\"2026-03-16T10:47:14+00:00\" \/>\n<meta property=\"og:image\" content=\"https:\/\/plasticseurope.org\/de\/wp-content\/uploads\/sites\/3\/2025\/03\/Plastics-Europe-Logo-White.png\" \/>\n\t<meta property=\"og:image:width\" content=\"1920\" \/>\n\t<meta property=\"og:image:height\" content=\"1080\" \/>\n\t<meta property=\"og:image:type\" content=\"image\/png\" \/>\n<meta name=\"twitter:card\" content=\"summary_large_image\" \/>\n<meta name=\"twitter:title\" content=\"Wirtschaftspressekonferenz 2026\" \/>\n<meta name=\"twitter:description\" content=\"Registrieren Sie sich f\u00fcr die Wirtschaftspressekonferenz 2025 von Plastics Europe Deutschland, am 17. M\u00e4rz 2025, online\" \/>\n<meta name=\"twitter:image\" content=\"https:\/\/plasticseurope.org\/de\/wp-content\/uploads\/sites\/3\/2025\/03\/Plastics-Europe-Logo-White.png\" \/>\n<meta name=\"twitter:label1\" content=\"Gesch\u00e4tzte Lesezeit\" \/>\n\t<meta name=\"twitter:data1\" content=\"1 Minute\" \/>\n<script type=\"application\/ld+json\" class=\"yoast-schema-graph\">{\"@context\":\"https:\/\/schema.org\",\"@graph\":[{\"@type\":\"WebPage\",\"@id\":\"https:\/\/plasticseurope.org\/de\/events\/wirtschaftspressekonferenz-2026\/\",\"url\":\"https:\/\/www.skz.de\/bildung\/tagung\/fuse-box-meets-dryer-kunststoffe-in-elektrik-und-elektronik\",\"name\":\"Wirtschaftspressekonferenz 2026\",\"isPartOf\":{\"@id\":\"https:\/\/plasticseurope.org\/de\/#website\"},\"datePublished\":\"2026-02-19T09:35:27+00:00\",\"dateModified\":\"2026-03-16T10:47:14+00:00\",\"description\":\"Registrieren Sie sich f\u00fcr die Wirtschaftspressekonferenz 2025 von Plastics Europe Deutschland, am 17. M\u00e4rz 2025, online\",\"breadcrumb\":{\"@id\":\"https:\/\/www.skz.de\/bildung\/tagung\/fuse-box-meets-dryer-kunststoffe-in-elektrik-und-elektronik#breadcrumb\"},\"inLanguage\":\"de-DE\",\"potentialAction\":[{\"@type\":\"ReadAction\",\"target\":[\"https:\/\/www.skz.de\/bildung\/tagung\/fuse-box-meets-dryer-kunststoffe-in-elektrik-und-elektronik\"]}]},{\"@type\":\"BreadcrumbList\",\"@id\":\"https:\/\/www.skz.de\/bildung\/tagung\/fuse-box-meets-dryer-kunststoffe-in-elektrik-und-elektronik#breadcrumb\",\"itemListElement\":[{\"@type\":\"ListItem\",\"position\":1,\"name\":\"Home\",\"item\":\"https:\/\/plasticseurope.org\/de\/\"},{\"@type\":\"ListItem\",\"position\":2,\"name\":\"Wirtschaftspressekonferenz 2026\"}]},{\"@type\":\"WebSite\",\"@id\":\"https:\/\/plasticseurope.org\/de\/#website\",\"url\":\"https:\/\/plasticseurope.org\/de\/\",\"name\":\"Plastics Europe DE\",\"description\":\"Enabling a sustainable future\",\"potentialAction\":[{\"@type\":\"SearchAction\",\"target\":{\"@type\":\"EntryPoint\",\"urlTemplate\":\"https:\/\/plasticseurope.org\/de\/?s={search_term_string}\"},\"query-input\":\"required name=search_term_string\"}],\"inLanguage\":\"de-DE\"}]}<\/script>\n<!-- \/ Yoast SEO plugin. -->","yoast_head_json":{"title":"Wirtschaftspressekonferenz 2026","description":"Registrieren Sie sich f\u00fcr die Wirtschaftspressekonferenz 2025 von Plastics Europe Deutschland, am 17. M\u00e4rz 2025, online","robots":{"index":"index","follow":"follow","max-snippet":"max-snippet:-1","max-image-preview":"max-image-preview:large","max-video-preview":"max-video-preview:-1"},"canonical":"https:\/\/www.skz.de\/bildung\/tagung\/fuse-box-meets-dryer-kunststoffe-in-elektrik-und-elektronik","og_locale":"de_DE","og_type":"article","og_title":"Wirtschaftspressekonferenz 2026","og_description":"Registrieren Sie sich f\u00fcr die Wirtschaftspressekonferenz 2025 von Plastics Europe Deutschland, am 17. M\u00e4rz 2025, online","og_url":"https:\/\/www.skz.de\/bildung\/tagung\/fuse-box-meets-dryer-kunststoffe-in-elektrik-und-elektronik","og_site_name":"Plastics Europe DE","article_modified_time":"2026-03-16T10:47:14+00:00","og_image":[{"width":1920,"height":1080,"url":"https:\/\/plasticseurope.org\/de\/wp-content\/uploads\/sites\/3\/2025\/03\/Plastics-Europe-Logo-White.png","type":"image\/png"}],"twitter_card":"summary_large_image","twitter_title":"Wirtschaftspressekonferenz 2026","twitter_description":"Registrieren Sie sich f\u00fcr die Wirtschaftspressekonferenz 2025 von Plastics Europe Deutschland, am 17. M\u00e4rz 2025, online","twitter_image":"https:\/\/plasticseurope.org\/de\/wp-content\/uploads\/sites\/3\/2025\/03\/Plastics-Europe-Logo-White.png","twitter_misc":{"Gesch\u00e4tzte Lesezeit":"1 Minute"},"schema":{"@context":"https:\/\/schema.org","@graph":[{"@type":"WebPage","@id":"https:\/\/plasticseurope.org\/de\/events\/wirtschaftspressekonferenz-2026\/","url":"https:\/\/www.skz.de\/bildung\/tagung\/fuse-box-meets-dryer-kunststoffe-in-elektrik-und-elektronik","name":"Wirtschaftspressekonferenz 2026","isPartOf":{"@id":"https:\/\/plasticseurope.org\/de\/#website"},"datePublished":"2026-02-19T09:35:27+00:00","dateModified":"2026-03-16T10:47:14+00:00","description":"Registrieren Sie sich f\u00fcr die Wirtschaftspressekonferenz 2025 von Plastics Europe Deutschland, am 17. M\u00e4rz 2025, online","breadcrumb":{"@id":"https:\/\/www.skz.de\/bildung\/tagung\/fuse-box-meets-dryer-kunststoffe-in-elektrik-und-elektronik#breadcrumb"},"inLanguage":"de-DE","potentialAction":[{"@type":"ReadAction","target":["https:\/\/www.skz.de\/bildung\/tagung\/fuse-box-meets-dryer-kunststoffe-in-elektrik-und-elektronik"]}]},{"@type":"BreadcrumbList","@id":"https:\/\/www.skz.de\/bildung\/tagung\/fuse-box-meets-dryer-kunststoffe-in-elektrik-und-elektronik#breadcrumb","itemListElement":[{"@type":"ListItem","position":1,"name":"Home","item":"https:\/\/plasticseurope.org\/de\/"},{"@type":"ListItem","position":2,"name":"Wirtschaftspressekonferenz 2026"}]},{"@type":"WebSite","@id":"https:\/\/plasticseurope.org\/de\/#website","url":"https:\/\/plasticseurope.org\/de\/","name":"Plastics Europe DE","description":"Enabling a sustainable future","potentialAction":[{"@type":"SearchAction","target":{"@type":"EntryPoint","urlTemplate":"https:\/\/plasticseurope.org\/de\/?s={search_term_string}"},"query-input":"required name=search_term_string"}],"inLanguage":"de-DE"}]}},"_links":{"self":[{"href":"https:\/\/plasticseurope.org\/de\/wp-json\/wp\/v2\/pe_event\/12936","targetHints":{"allow":["GET"]}}],"collection":[{"href":"https:\/\/plasticseurope.org\/de\/wp-json\/wp\/v2\/pe_event"}],"about":[{"href":"https:\/\/plasticseurope.org\/de\/wp-json\/wp\/v2\/types\/pe_event"}],"wp:featuredmedia":[{"embeddable":true,"href":"https:\/\/plasticseurope.org\/de\/wp-json\/wp\/v2\/media\/11123"}],"wp:attachment":[{"href":"https:\/\/plasticseurope.org\/de\/wp-json\/wp\/v2\/media?parent=12936"}],"wp:term":[{"taxonomy":"event-type","embeddable":true,"href":"https:\/\/plasticseurope.org\/de\/wp-json\/wp\/v2\/event-type?post=12936"}],"curies":[{"name":"wp","href":"https:\/\/api.w.org\/{rel}","templated":true}]}}

<p>Am 17. März 2026 präsentiert&nbsp;PlasticsEurope Deutschland e.V., der Verband der Kunststofferzeuger, seinen jährlichen Bericht zur aktuellen Wirtschaftslage der Kunststoffindustrie in Deutschland. Bei der diesjährigen Wirtschaftspressekonferenz werden&nbsp;Ralf Düssel&nbsp;(Vorsitzender), Christine Bunte (Hauptgeschäftsführerin), Maximilian Nichterlein<strong>&nbsp;</strong>(Wirtschaftssprecher) das zurückliegende Geschäftsjahr 2025 analysieren, einen Ausblick auf das laufende Geschäftsjahr 2026 geben und die Prioritäten der Industrie zum Standort Deutschland präsentieren.</p>



<h2 class="wp-block-heading"><strong>Agenda:</strong></h2>



<ul class="wp-block-list">
<li><strong>08:00 &#8211; 08:05 Uhr: Begrüßung</strong><br><em>Dr. Christine Bunte, Hauptgeschäftsführerin</em></li>



<li><strong>08:05 &#8211; 08:20 Uhr: Rückblick: Das Geschäftsjahr 2025</strong><br><em>Maximilian Nichterlein, Wirtschaftssprecher</em></li>



<li><strong>08:20 &#8211; 08:30 Uhr: Dringende Maßnahmen zum Erhalt der deutschen Kunststoffindustrie</strong><br>Dr. Ralf Düssel, Vorsitzender</li>



<li><strong>08:30 &#8211; 08:40 Uhr: Kreislaufwirtschaft: von der Umwelt-zur Rohstoffpolitik</strong><br>Dr. Christine Bunte, Hauptgeschäftsführerin</li>



<li><strong>08:40 &#8211; 09:00 Uhr: </strong>Q&amp;A</li>
</ul>



<p>Die Pressemitteilung wird im Anschluss an die Wirtschaftspressekonferenz versendet.&nbsp;<br>Fragen können über den Chat gestellt werden.&nbsp;</p>



<p><strong>Hinweis:</strong>&nbsp;Die Wirtschaftspressekonferenz wird aufgezeichnet.</p>

<p>Registrieren Sie sich für die Wirtschaftspressekonferenz 2025 von Plastics Europe Deutschland, am 17. März 2025, online</p>

<!-- This site is optimized with the Yoast SEO plugin v21.6 - https://yoast.com/wordpress/plugins/seo/ -->
<title>Wirtschaftspressekonferenz 2026</title>
<meta name="description" content="Registrieren Sie sich für die Wirtschaftspressekonferenz 2025 von Plastics Europe Deutschland, am 17. März 2025, online" />
<meta name="robots" content="index, follow, max-snippet:-1, max-image-preview:large, max-video-preview:-1" />
<link rel="canonical" href="https://www.skz.de/bildung/tagung/fuse-box-meets-dryer-kunststoffe-in-elektrik-und-elektronik" />
<meta property="og:locale" content="de_DE" />
<meta property="og:type" content="article" />
<meta property="og:title" content="Wirtschaftspressekonferenz 2026" />
<meta property="og:description" content="Registrieren Sie sich für die Wirtschaftspressekonferenz 2025 von Plastics Europe Deutschland, am 17. März 2025, online" />
<meta property="og:url" content="https://www.skz.de/bildung/tagung/fuse-box-meets-dryer-kunststoffe-in-elektrik-und-elektronik" />
<meta property="og:site_name" content="Plastics Europe DE" />
<meta property="article:modified_time" content="2026-03-16T10:47:14+00:00" />
<meta property="og:image" content="https://plasticseurope.org/de/wp-content/uploads/sites/3/2025/03/Plastics-Europe-Logo-White.png" />
	<meta property="og:image:width" content="1920" />
	<meta property="og:image:height" content="1080" />
	<meta property="og:image:type" content="image/png" />
<meta name="twitter:card" content="summary_large_image" />
<meta name="twitter:title" content="Wirtschaftspressekonferenz 2026" />
<meta name="twitter:description" content="Registrieren Sie sich für die Wirtschaftspressekonferenz 2025 von Plastics Europe Deutschland, am 17. März 2025, online" />
<meta name="twitter:image" content="https://plasticseurope.org/de/wp-content/uploads/sites/3/2025/03/Plastics-Europe-Logo-White.png" />
<meta name="twitter:label1" content="Geschätzte Lesezeit" />
	<meta name="twitter:data1" content="1 Minute" />
<script type="application/ld+json" class="yoast-schema-graph">{"@context":"https://schema.org","@graph":[{"@type":"WebPage","@id":"https://plasticseurope.org/de/events/wirtschaftspressekonferenz-2026/","url":"https://www.skz.de/bildung/tagung/fuse-box-meets-dryer-kunststoffe-in-elektrik-und-elektronik","name":"Wirtschaftspressekonferenz 2026","isPartOf":{"@id":"https://plasticseurope.org/de/#website"},"datePublished":"2026-02-19T09:35:27+00:00","dateModified":"2026-03-16T10:47:14+00:00","description":"Registrieren Sie sich für die Wirtschaftspressekonferenz 2025 von Plastics Europe Deutschland, am 17. März 2025, online","breadcrumb":{"@id":"https://www.skz.de/bildung/tagung/fuse-box-meets-dryer-kunststoffe-in-elektrik-und-elektronik#breadcrumb"},"inLanguage":"de-DE","potentialAction":[{"@type":"ReadAction","target":["https://www.skz.de/bildung/tagung/fuse-box-meets-dryer-kunststoffe-in-elektrik-und-elektronik"]}]},{"@type":"BreadcrumbList","@id":"https://www.skz.de/bildung/tagung/fuse-box-meets-dryer-kunststoffe-in-elektrik-und-elektronik#breadcrumb","itemListElement":[{"@type":"ListItem","position":1,"name":"Home","item":"https://plasticseurope.org/de/"},{"@type":"ListItem","position":2,"name":"Wirtschaftspressekonferenz 2026"}]},{"@type":"WebSite","@id":"https://plasticseurope.org/de/#website","url":"https://plasticseurope.org/de/","name":"Plastics Europe DE","description":"Enabling a sustainable future","potentialAction":[{"@type":"SearchAction","target":{"@type":"EntryPoint","urlTemplate":"https://plasticseurope.org/de/?s={search_term_string}"},"query-input":"required name=search_term_string"}],"inLanguage":"de-DE"}]}</script>
<!-- / Yoast SEO plugin. -->

Registrieren Sie sich für die Wirtschaftspressekonferenz 2025 von Plastics Europe Deutschland, am 17. März 2025, online
