{"id":10853,"date":"2024-08-19T14:27:18","date_gmt":"2024-08-19T14:27:18","guid":{"rendered":"https:\/\/plasticseurope.org\/de\/?post_type=pe_event&#038;p=10853"},"modified":"2024-08-21T09:34:55","modified_gmt":"2024-08-21T09:34:55","slug":"karriere-freitag-fakuma-2024","status":"publish","type":"pe_event","link":"https:\/\/plasticseurope.org\/de\/events\/karriere-freitag-fakuma-2024\/","title":{"rendered":"Jezt Anmelden zum Karriere-Freitag, 18.10.2024, @Fakuma-Messe.de"},"content":{"rendered":"\n<p><strong>Unterricht mit Praxisbezug:<\/strong> <strong>Besuchen Sie mit Ihrer Schulklasse die FAKUMA in Friedrichshafen<\/strong><\/p>\n\n\n\n<p>Die FAKUMA 2024, die gro\u00dfe Fachmesse f\u00fcr Kunststoffverarbeitung, findet vom 15. bis 19. Oktober in Friedrichshafen statt. Wenn Sie <strong>Chemie<\/strong>, <strong>Physik<\/strong>, <strong>Biologie <\/strong>oder <strong>Informatik <\/strong>unterrichten, k\u00f6nnen Sie Ihren Sch\u00fclerinnen und Sch\u00fclern auf der Messe eindrucksvoll zeigen, wie Kunststoffe verarbeitet und recycelt werden &#8211; und Ihre Themen aus dem Unterricht mit der Praxis verbinden.<\/p>\n\n\n\n<p><strong>Vom Granulat zum Produkt und wieder zur\u00fcck &#8211; Kreislaufwirtschaft hautnah erleben<\/strong><\/p>\n\n\n\n<p>Der Schwerpunkt der Fachmesse liegt dieses Jahr auf den Themen Energieeffizienz, Digitalisierung und Kreislaufwirtschaft. Von der Herstellung von Kunststoffen \u00fcber ihre Verarbeitung bis hin zum Recycling sehen Sie den gesamten Prozess und k\u00f6nnen direkt mit Fachleuten ins Gespr\u00e4ch kommen. Zum Beispiel mit Chemikerinnen, Kunststofftechnologen, Industriemechanikerinnen und Produktionsleitern, die Ihren Schulkassen spannende Einblicke in die Arbeitswelt und die faszinierende Welt der Kunststoffe geben.<\/p>\n\n\n\n<p><strong>Erleichtern Sie Ihren Sch\u00fclerinnen und Sch\u00fclern den Berufseinstieg<\/strong><\/p>\n\n\n\n<p>Zeigen Sie Ihren Sch\u00fclerinnen und Sch\u00fclern spannende und au\u00dfergew\u00f6hnliche Berufe und wie sie durch eine passende Ausbildung oder ein Studium Ihr Unterrichtsfach nutzen k\u00f6nnen, um die Welt ein St\u00fcck besser zu machen,\u00a0zum Beispiel durch das Entwickeln neuer Materialien oder durch das Arbeiten mit hochwertigem Rezyklat.\u00a0<\/p>\n\n\n\n<p><em><em>Der Eintritt zur FAKUMA und Teilnahme an den F\u00fchrungen, und der Shuttle-Service vom Bahnhof Friedrichshafen zum Messegel\u00e4nde sind f\u00fcr registrierte Schulklassen kostenlos.\u00a0Das Angebot richtet sich an Schulen in Baden-W\u00fcrttemberg und Bayern.<\/em>\u00a0<em>Eine F\u00fchrung enth\u00e4lt je 4 Stationen und dauert 2 Stunden. Anmeldeschluss ist der 1. Oktober.\u00a0<\/em><\/em><\/p>\n","protected":false},"excerpt":{"rendered":"<p>Auf der weltweit f\u00fchrenden Fachveranstaltung f\u00fcr die industrielle Kunststoffverarbeitung pr\u00e4sentieren nahezu 1.500 Aussteller ihr internationales Angebot.<\/p>\n","protected":false},"featured_media":10854,"template":"","event-type":[],"class_list":["post-10853","pe_event","type-pe_event","status-publish","has-post-thumbnail","hentry"],"acf":[],"yoast_head":"<!-- This site is optimized with the Yoast SEO plugin v21.6 - https:\/\/yoast.com\/wordpress\/plugins\/seo\/ -->\n<title>Jetzt anmelden zum Karriere-Freitag, 18.10.2024, @Fakuma-Messe<\/title>\n<meta name=\"description\" content=\"Unterricht mit Praxisbezug: Besuchen Sie mit Ihrer Schulklasse die FAKUMA in Friedrichshafen, die gro\u00dfe Fachmesse f\u00fcr Kunststoffverarbeitung\" \/>\n<meta name=\"robots\" content=\"index, follow, max-snippet:-1, max-image-preview:large, max-video-preview:-1\" \/>\n<link rel=\"canonical\" href=\"https:\/\/plasticseurope.org\/de\/events\/karriere-freitag-fakuma-2024\/\" \/>\n<meta property=\"og:locale\" content=\"de_DE\" \/>\n<meta property=\"og:type\" content=\"article\" \/>\n<meta property=\"og:title\" content=\"Jetzt anmelden zum Karriere-Freitag, 18.10.2024, @Fakuma-Messe\" \/>\n<meta property=\"og:description\" content=\"Unterricht mit Praxisbezug: Besuchen Sie mit Ihrer Schulklasse die FAKUMA in Friedrichshafen, die gro\u00dfe Fachmesse f\u00fcr Kunststoffverarbeitung\" \/>\n<meta property=\"og:url\" content=\"https:\/\/plasticseurope.org\/de\/events\/karriere-freitag-fakuma-2024\/\" \/>\n<meta property=\"og:site_name\" content=\"Plastics Europe DE\" \/>\n<meta property=\"article:modified_time\" content=\"2024-08-21T09:34:55+00:00\" \/>\n<meta property=\"og:image\" content=\"https:\/\/plasticseurope.org\/de\/wp-content\/uploads\/sites\/3\/2024\/08\/StartupIcons-2.png\" \/>\n\t<meta property=\"og:image:width\" content=\"1080\" \/>\n\t<meta property=\"og:image:height\" content=\"1080\" \/>\n\t<meta property=\"og:image:type\" content=\"image\/png\" \/>\n<meta name=\"twitter:card\" content=\"summary_large_image\" \/>\n<meta name=\"twitter:title\" content=\"Jetzt anmelden zum Karriere-Freitag, 18.10.2024, @Fakuma-Messe\" \/>\n<meta name=\"twitter:description\" content=\"Unterricht mit Praxisbezug: Besuchen Sie mit Ihrer Schulklasse die FAKUMA in Friedrichshafen, die gro\u00dfe Fachmesse f\u00fcr Kunststoffverarbeitung\" \/>\n<meta name=\"twitter:image\" content=\"https:\/\/plasticseurope.org\/de\/wp-content\/uploads\/sites\/3\/2024\/08\/StartupIcons-2.png\" \/>\n<meta name=\"twitter:label1\" content=\"Gesch\u00e4tzte Lesezeit\" \/>\n\t<meta name=\"twitter:data1\" content=\"2 Minuten\" \/>\n<script type=\"application\/ld+json\" class=\"yoast-schema-graph\">{\"@context\":\"https:\/\/schema.org\",\"@graph\":[{\"@type\":\"WebPage\",\"@id\":\"https:\/\/plasticseurope.org\/de\/events\/karriere-freitag-fakuma-2024\/\",\"url\":\"https:\/\/plasticseurope.org\/de\/events\/karriere-freitag-fakuma-2024\/\",\"name\":\"Jetzt anmelden zum Karriere-Freitag, 18.10.2024, @Fakuma-Messe\",\"isPartOf\":{\"@id\":\"https:\/\/plasticseurope.org\/de\/#website\"},\"datePublished\":\"2024-08-19T14:27:18+00:00\",\"dateModified\":\"2024-08-21T09:34:55+00:00\",\"description\":\"Unterricht mit Praxisbezug: Besuchen Sie mit Ihrer Schulklasse die FAKUMA in Friedrichshafen, die gro\u00dfe Fachmesse f\u00fcr Kunststoffverarbeitung\",\"breadcrumb\":{\"@id\":\"https:\/\/plasticseurope.org\/de\/events\/karriere-freitag-fakuma-2024\/#breadcrumb\"},\"inLanguage\":\"de-DE\",\"potentialAction\":[{\"@type\":\"ReadAction\",\"target\":[\"https:\/\/plasticseurope.org\/de\/events\/karriere-freitag-fakuma-2024\/\"]}]},{\"@type\":\"BreadcrumbList\",\"@id\":\"https:\/\/plasticseurope.org\/de\/events\/karriere-freitag-fakuma-2024\/#breadcrumb\",\"itemListElement\":[{\"@type\":\"ListItem\",\"position\":1,\"name\":\"Home\",\"item\":\"https:\/\/plasticseurope.org\/de\/\"},{\"@type\":\"ListItem\",\"position\":2,\"name\":\"Jezt Anmelden zum Karriere-Freitag, 18.10.2024, @Fakuma-Messe.de\"}]},{\"@type\":\"WebSite\",\"@id\":\"https:\/\/plasticseurope.org\/de\/#website\",\"url\":\"https:\/\/plasticseurope.org\/de\/\",\"name\":\"Plastics Europe DE\",\"description\":\"Enabling a sustainable future\",\"potentialAction\":[{\"@type\":\"SearchAction\",\"target\":{\"@type\":\"EntryPoint\",\"urlTemplate\":\"https:\/\/plasticseurope.org\/de\/?s={search_term_string}\"},\"query-input\":\"required name=search_term_string\"}],\"inLanguage\":\"de-DE\"}]}<\/script>\n<!-- \/ Yoast SEO plugin. -->","yoast_head_json":{"title":"Jetzt anmelden zum Karriere-Freitag, 18.10.2024, @Fakuma-Messe","description":"Unterricht mit Praxisbezug: Besuchen Sie mit Ihrer Schulklasse die FAKUMA in Friedrichshafen, die gro\u00dfe Fachmesse f\u00fcr Kunststoffverarbeitung","robots":{"index":"index","follow":"follow","max-snippet":"max-snippet:-1","max-image-preview":"max-image-preview:large","max-video-preview":"max-video-preview:-1"},"canonical":"https:\/\/plasticseurope.org\/de\/events\/karriere-freitag-fakuma-2024\/","og_locale":"de_DE","og_type":"article","og_title":"Jetzt anmelden zum Karriere-Freitag, 18.10.2024, @Fakuma-Messe","og_description":"Unterricht mit Praxisbezug: Besuchen Sie mit Ihrer Schulklasse die FAKUMA in Friedrichshafen, die gro\u00dfe Fachmesse f\u00fcr Kunststoffverarbeitung","og_url":"https:\/\/plasticseurope.org\/de\/events\/karriere-freitag-fakuma-2024\/","og_site_name":"Plastics Europe DE","article_modified_time":"2024-08-21T09:34:55+00:00","og_image":[{"width":1080,"height":1080,"url":"https:\/\/plasticseurope.org\/de\/wp-content\/uploads\/sites\/3\/2024\/08\/StartupIcons-2.png","type":"image\/png"}],"twitter_card":"summary_large_image","twitter_title":"Jetzt anmelden zum Karriere-Freitag, 18.10.2024, @Fakuma-Messe","twitter_description":"Unterricht mit Praxisbezug: Besuchen Sie mit Ihrer Schulklasse die FAKUMA in Friedrichshafen, die gro\u00dfe Fachmesse f\u00fcr Kunststoffverarbeitung","twitter_image":"https:\/\/plasticseurope.org\/de\/wp-content\/uploads\/sites\/3\/2024\/08\/StartupIcons-2.png","twitter_misc":{"Gesch\u00e4tzte Lesezeit":"2 Minuten"},"schema":{"@context":"https:\/\/schema.org","@graph":[{"@type":"WebPage","@id":"https:\/\/plasticseurope.org\/de\/events\/karriere-freitag-fakuma-2024\/","url":"https:\/\/plasticseurope.org\/de\/events\/karriere-freitag-fakuma-2024\/","name":"Jetzt anmelden zum Karriere-Freitag, 18.10.2024, @Fakuma-Messe","isPartOf":{"@id":"https:\/\/plasticseurope.org\/de\/#website"},"datePublished":"2024-08-19T14:27:18+00:00","dateModified":"2024-08-21T09:34:55+00:00","description":"Unterricht mit Praxisbezug: Besuchen Sie mit Ihrer Schulklasse die FAKUMA in Friedrichshafen, die gro\u00dfe Fachmesse f\u00fcr Kunststoffverarbeitung","breadcrumb":{"@id":"https:\/\/plasticseurope.org\/de\/events\/karriere-freitag-fakuma-2024\/#breadcrumb"},"inLanguage":"de-DE","potentialAction":[{"@type":"ReadAction","target":["https:\/\/plasticseurope.org\/de\/events\/karriere-freitag-fakuma-2024\/"]}]},{"@type":"BreadcrumbList","@id":"https:\/\/plasticseurope.org\/de\/events\/karriere-freitag-fakuma-2024\/#breadcrumb","itemListElement":[{"@type":"ListItem","position":1,"name":"Home","item":"https:\/\/plasticseurope.org\/de\/"},{"@type":"ListItem","position":2,"name":"Jezt Anmelden zum Karriere-Freitag, 18.10.2024, @Fakuma-Messe.de"}]},{"@type":"WebSite","@id":"https:\/\/plasticseurope.org\/de\/#website","url":"https:\/\/plasticseurope.org\/de\/","name":"Plastics Europe DE","description":"Enabling a sustainable future","potentialAction":[{"@type":"SearchAction","target":{"@type":"EntryPoint","urlTemplate":"https:\/\/plasticseurope.org\/de\/?s={search_term_string}"},"query-input":"required name=search_term_string"}],"inLanguage":"de-DE"}]}},"_links":{"self":[{"href":"https:\/\/plasticseurope.org\/de\/wp-json\/wp\/v2\/pe_event\/10853","targetHints":{"allow":["GET"]}}],"collection":[{"href":"https:\/\/plasticseurope.org\/de\/wp-json\/wp\/v2\/pe_event"}],"about":[{"href":"https:\/\/plasticseurope.org\/de\/wp-json\/wp\/v2\/types\/pe_event"}],"wp:featuredmedia":[{"embeddable":true,"href":"https:\/\/plasticseurope.org\/de\/wp-json\/wp\/v2\/media\/10854"}],"wp:attachment":[{"href":"https:\/\/plasticseurope.org\/de\/wp-json\/wp\/v2\/media?parent=10853"}],"wp:term":[{"taxonomy":"event-type","embeddable":true,"href":"https:\/\/plasticseurope.org\/de\/wp-json\/wp\/v2\/event-type?post=10853"}],"curies":[{"name":"wp","href":"https:\/\/api.w.org\/{rel}","templated":true}]}}

<p><strong>Unterricht mit Praxisbezug:</strong> <strong>Besuchen Sie mit Ihrer Schulklasse die FAKUMA in Friedrichshafen</strong></p>



<p>Die FAKUMA 2024, die große Fachmesse für Kunststoffverarbeitung, findet vom 15. bis 19. Oktober in Friedrichshafen statt. Wenn Sie <strong>Chemie</strong>, <strong>Physik</strong>, <strong>Biologie </strong>oder <strong>Informatik </strong>unterrichten, können Sie Ihren Schülerinnen und Schülern auf der Messe eindrucksvoll zeigen, wie Kunststoffe verarbeitet und recycelt werden &#8211; und Ihre Themen aus dem Unterricht mit der Praxis verbinden.</p>



<p><strong>Vom Granulat zum Produkt und wieder zurück &#8211; Kreislaufwirtschaft hautnah erleben</strong></p>



<p>Der Schwerpunkt der Fachmesse liegt dieses Jahr auf den Themen Energieeffizienz, Digitalisierung und Kreislaufwirtschaft. Von der Herstellung von Kunststoffen über ihre Verarbeitung bis hin zum Recycling sehen Sie den gesamten Prozess und können direkt mit Fachleuten ins Gespräch kommen. Zum Beispiel mit Chemikerinnen, Kunststofftechnologen, Industriemechanikerinnen und Produktionsleitern, die Ihren Schulkassen spannende Einblicke in die Arbeitswelt und die faszinierende Welt der Kunststoffe geben.</p>



<p><strong>Erleichtern Sie Ihren Schülerinnen und Schülern den Berufseinstieg</strong></p>



<p>Zeigen Sie Ihren Schülerinnen und Schülern spannende und außergewöhnliche Berufe und wie sie durch eine passende Ausbildung oder ein Studium Ihr Unterrichtsfach nutzen können, um die Welt ein Stück besser zu machen, zum Beispiel durch das Entwickeln neuer Materialien oder durch das Arbeiten mit hochwertigem Rezyklat. </p>



<p><em><em>Der Eintritt zur FAKUMA und Teilnahme an den Führungen, und der Shuttle-Service vom Bahnhof Friedrichshafen zum Messegelände sind für registrierte Schulklassen kostenlos. Das Angebot richtet sich an Schulen in Baden-Württemberg und Bayern.</em> <em>Eine Führung enthält je 4 Stationen und dauert 2 Stunden. Anmeldeschluss ist der 1. Oktober. </em></em></p>

<p>Auf der weltweit führenden Fachveranstaltung für die industrielle Kunststoffverarbeitung präsentieren nahezu 1.500 Aussteller ihr internationales Angebot.</p>

<!-- This site is optimized with the Yoast SEO plugin v21.6 - https://yoast.com/wordpress/plugins/seo/ -->
<title>Jetzt anmelden zum Karriere-Freitag, 18.10.2024, @Fakuma-Messe</title>
<meta name="description" content="Unterricht mit Praxisbezug: Besuchen Sie mit Ihrer Schulklasse die FAKUMA in Friedrichshafen, die große Fachmesse für Kunststoffverarbeitung" />
<meta name="robots" content="index, follow, max-snippet:-1, max-image-preview:large, max-video-preview:-1" />
<link rel="canonical" href="https://plasticseurope.org/de/events/karriere-freitag-fakuma-2024/" />
<meta property="og:locale" content="de_DE" />
<meta property="og:type" content="article" />
<meta property="og:title" content="Jetzt anmelden zum Karriere-Freitag, 18.10.2024, @Fakuma-Messe" />
<meta property="og:description" content="Unterricht mit Praxisbezug: Besuchen Sie mit Ihrer Schulklasse die FAKUMA in Friedrichshafen, die große Fachmesse für Kunststoffverarbeitung" />
<meta property="og:url" content="https://plasticseurope.org/de/events/karriere-freitag-fakuma-2024/" />
<meta property="og:site_name" content="Plastics Europe DE" />
<meta property="article:modified_time" content="2024-08-21T09:34:55+00:00" />
<meta property="og:image" content="https://plasticseurope.org/de/wp-content/uploads/sites/3/2024/08/StartupIcons-2.png" />
	<meta property="og:image:width" content="1080" />
	<meta property="og:image:height" content="1080" />
	<meta property="og:image:type" content="image/png" />
<meta name="twitter:card" content="summary_large_image" />
<meta name="twitter:title" content="Jetzt anmelden zum Karriere-Freitag, 18.10.2024, @Fakuma-Messe" />
<meta name="twitter:description" content="Unterricht mit Praxisbezug: Besuchen Sie mit Ihrer Schulklasse die FAKUMA in Friedrichshafen, die große Fachmesse für Kunststoffverarbeitung" />
<meta name="twitter:image" content="https://plasticseurope.org/de/wp-content/uploads/sites/3/2024/08/StartupIcons-2.png" />
<meta name="twitter:label1" content="Geschätzte Lesezeit" />
	<meta name="twitter:data1" content="2 Minuten" />
<script type="application/ld+json" class="yoast-schema-graph">{"@context":"https://schema.org","@graph":[{"@type":"WebPage","@id":"https://plasticseurope.org/de/events/karriere-freitag-fakuma-2024/","url":"https://plasticseurope.org/de/events/karriere-freitag-fakuma-2024/","name":"Jetzt anmelden zum Karriere-Freitag, 18.10.2024, @Fakuma-Messe","isPartOf":{"@id":"https://plasticseurope.org/de/#website"},"datePublished":"2024-08-19T14:27:18+00:00","dateModified":"2024-08-21T09:34:55+00:00","description":"Unterricht mit Praxisbezug: Besuchen Sie mit Ihrer Schulklasse die FAKUMA in Friedrichshafen, die große Fachmesse für Kunststoffverarbeitung","breadcrumb":{"@id":"https://plasticseurope.org/de/events/karriere-freitag-fakuma-2024/#breadcrumb"},"inLanguage":"de-DE","potentialAction":[{"@type":"ReadAction","target":["https://plasticseurope.org/de/events/karriere-freitag-fakuma-2024/"]}]},{"@type":"BreadcrumbList","@id":"https://plasticseurope.org/de/events/karriere-freitag-fakuma-2024/#breadcrumb","itemListElement":[{"@type":"ListItem","position":1,"name":"Home","item":"https://plasticseurope.org/de/"},{"@type":"ListItem","position":2,"name":"Jezt Anmelden zum Karriere-Freitag, 18.10.2024, @Fakuma-Messe.de"}]},{"@type":"WebSite","@id":"https://plasticseurope.org/de/#website","url":"https://plasticseurope.org/de/","name":"Plastics Europe DE","description":"Enabling a sustainable future","potentialAction":[{"@type":"SearchAction","target":{"@type":"EntryPoint","urlTemplate":"https://plasticseurope.org/de/?s={search_term_string}"},"query-input":"required name=search_term_string"}],"inLanguage":"de-DE"}]}</script>
<!-- / Yoast SEO plugin. -->

Unterricht mit Praxisbezug: Besuchen Sie mit Ihrer Schulklasse die FAKUMA in Friedrichshafen, die große Fachmesse für Kunststoffverarbeitung
