{"id":10766,"date":"2024-08-02T07:03:56","date_gmt":"2024-08-02T07:03:56","guid":{"rendered":"https:\/\/plasticseurope.org\/de\/?post_type=pe_event&#038;p=10766"},"modified":"2025-11-18T19:04:32","modified_gmt":"2025-11-18T19:04:32","slug":"k-2025-sonderschau-plastics-shape-the-future","status":"publish","type":"pe_event","link":"https:\/\/plasticseurope.org\/de\/events\/k-2025-sonderschau-plastics-shape-the-future\/","title":{"rendered":"K 2025 &#8211; Sonderschau &#8222;Plastics Shape the Future&#8220;"},"content":{"rendered":"\n<p>Die K gilt als international f\u00fchrende Fachmesse in der Kunststoff- und Kautschukindustrie. Jedes Mal zieht die Veranstaltung eine Vielzahl von Fachleuten aus Produktion, Verarbeitung und verwandten Branchen wie Maschinenbau, Automobilindustrie, Elektronik, Medizintechnik, Verpackungsindustrie und Bauindustrie aus der ganzen Welt an, um sich \u00fcber die aktuellen Innovationen zu informieren und wertvolle Kontakte zu kn\u00fcpfen. Dabei wird ein breites Spektrum an Produkten und Dienstleistungen im Bereich Maschinen, Ausr\u00fcstung, Rohstoffe und Messtechnik pr\u00e4sentiert.<\/p>\n\n\n\n<p>Seit der ersten Ausstellung in D\u00fcsseldorf im Jahr 1952 verk\u00f6rpert der Buchstabe &#8222;K&#8220; die Faszination f\u00fcr die Welt des Kunststoffs und Kautschuks. Die n\u00e4chste Fachmesse findet im Jahr 2025 auf dem Messegel\u00e4nde in D\u00fcsseldorf statt und wird ein globaler Magnet f\u00fcr Aussteller und Besucher gleicherma\u00dfen.&nbsp;<\/p>\n\n\n\n<p><a href=\"https:\/\/plasticseurope.org\/de\/plastics-shape-the-future-k-2025\/\">Link zum Programm und zu den Aufzeichnungen der Keynotes und Panels<\/a><\/p>\n","protected":false},"excerpt":{"rendered":"<p>Die K gilt als international f\u00fchrende Fachmesse f\u00fcr die Kunststoff- und Kautschukindustrie. <\/p>\n","protected":false},"featured_media":11204,"template":"","event-type":[],"class_list":["post-10766","pe_event","type-pe_event","status-publish","has-post-thumbnail","hentry"],"acf":[],"yoast_head":"<!-- This site is optimized with the Yoast SEO plugin v21.6 - https:\/\/yoast.com\/wordpress\/plugins\/seo\/ -->\n<title>K 2025 - Sonderschau &quot;Plastics Shape the Future&quot; - Plastics Europe DE<\/title>\n<meta name=\"description\" content=\"Die K ist die international f\u00fchrende Fachmesse in der Kunststoff- und Kautschukindustrie. Save the date f\u00fcr die K 2025 am 8.\u201315. Oktober 2025.\" \/>\n<meta name=\"robots\" content=\"index, follow, max-snippet:-1, max-image-preview:large, max-video-preview:-1\" \/>\n<link rel=\"canonical\" href=\"https:\/\/plasticseurope.org\/de\/events\/k-2025-sonderschau-plastics-shape-the-future\/\" \/>\n<meta property=\"og:locale\" content=\"de_DE\" \/>\n<meta property=\"og:type\" content=\"article\" \/>\n<meta property=\"og:title\" content=\"K 2025 - Sonderschau &quot;Plastics Shape the Future&quot; - Plastics Europe DE\" \/>\n<meta property=\"og:description\" content=\"K-2025 - Sonderschau &quot;Plastics Shape the Future&quot;. Die K ist die international f\u00fchrende Fachmesse in der Kunststoff- und Kautschukindustrie. Save the date f\u00fcr die K 2025 am 8.\u201315. Oktober 2025.\" \/>\n<meta property=\"og:url\" content=\"https:\/\/plasticseurope.org\/de\/events\/k-2025-sonderschau-plastics-shape-the-future\/\" \/>\n<meta property=\"og:site_name\" content=\"Plastics Europe DE\" \/>\n<meta property=\"article:modified_time\" content=\"2025-11-18T19:04:32+00:00\" \/>\n<meta property=\"og:image\" content=\"https:\/\/plasticseurope.org\/de\/wp-content\/uploads\/sites\/3\/2024\/08\/k2025.png\" \/>\n\t<meta property=\"og:image:width\" content=\"820\" \/>\n\t<meta property=\"og:image:height\" content=\"312\" \/>\n\t<meta property=\"og:image:type\" content=\"image\/png\" \/>\n<meta name=\"twitter:card\" content=\"summary_large_image\" \/>\n<meta name=\"twitter:title\" content=\"K 2025 - Sonderschau &quot;Plastics Shape the Future&quot; - Plastics Europe DE\" \/>\n<meta name=\"twitter:description\" content=\"Die K ist die international f\u00fchrende Fachmesse in der Kunststoff- und Kautschukindustrie. Save the date f\u00fcr die K 2025 am 8.\u201315. Oktober 2025.\" \/>\n<meta name=\"twitter:image\" content=\"https:\/\/plasticseurope.org\/de\/wp-content\/uploads\/sites\/3\/2024\/08\/k2025.png\" \/>\n<meta name=\"twitter:label1\" content=\"Gesch\u00e4tzte Lesezeit\" \/>\n\t<meta name=\"twitter:data1\" content=\"1 Minute\" \/>\n<script type=\"application\/ld+json\" class=\"yoast-schema-graph\">{\"@context\":\"https:\/\/schema.org\",\"@graph\":[{\"@type\":\"WebPage\",\"@id\":\"https:\/\/plasticseurope.org\/de\/events\/k-2025-sonderschau-plastics-shape-the-future\/\",\"url\":\"https:\/\/plasticseurope.org\/de\/events\/k-2025-sonderschau-plastics-shape-the-future\/\",\"name\":\"K 2025 - Sonderschau \\\"Plastics Shape the Future\\\" - Plastics Europe DE\",\"isPartOf\":{\"@id\":\"https:\/\/plasticseurope.org\/de\/#website\"},\"datePublished\":\"2024-08-02T07:03:56+00:00\",\"dateModified\":\"2025-11-18T19:04:32+00:00\",\"description\":\"Die K ist die international f\u00fchrende Fachmesse in der Kunststoff- und Kautschukindustrie. Save the date f\u00fcr die K 2025 am 8.\u201315. Oktober 2025.\",\"breadcrumb\":{\"@id\":\"https:\/\/plasticseurope.org\/de\/events\/k-2025-sonderschau-plastics-shape-the-future\/#breadcrumb\"},\"inLanguage\":\"de-DE\",\"potentialAction\":[{\"@type\":\"ReadAction\",\"target\":[\"https:\/\/plasticseurope.org\/de\/events\/k-2025-sonderschau-plastics-shape-the-future\/\"]}]},{\"@type\":\"BreadcrumbList\",\"@id\":\"https:\/\/plasticseurope.org\/de\/events\/k-2025-sonderschau-plastics-shape-the-future\/#breadcrumb\",\"itemListElement\":[{\"@type\":\"ListItem\",\"position\":1,\"name\":\"Home\",\"item\":\"https:\/\/plasticseurope.org\/de\/\"},{\"@type\":\"ListItem\",\"position\":2,\"name\":\"K 2025 &#8211; Sonderschau &#8222;Plastics Shape the Future&#8220;\"}]},{\"@type\":\"WebSite\",\"@id\":\"https:\/\/plasticseurope.org\/de\/#website\",\"url\":\"https:\/\/plasticseurope.org\/de\/\",\"name\":\"Plastics Europe DE\",\"description\":\"Enabling a sustainable future\",\"potentialAction\":[{\"@type\":\"SearchAction\",\"target\":{\"@type\":\"EntryPoint\",\"urlTemplate\":\"https:\/\/plasticseurope.org\/de\/?s={search_term_string}\"},\"query-input\":\"required name=search_term_string\"}],\"inLanguage\":\"de-DE\"}]}<\/script>\n<!-- \/ Yoast SEO plugin. -->","yoast_head_json":{"title":"K 2025 - Sonderschau \"Plastics Shape the Future\" - Plastics Europe DE","description":"Die K ist die international f\u00fchrende Fachmesse in der Kunststoff- und Kautschukindustrie. Save the date f\u00fcr die K 2025 am 8.\u201315. Oktober 2025.","robots":{"index":"index","follow":"follow","max-snippet":"max-snippet:-1","max-image-preview":"max-image-preview:large","max-video-preview":"max-video-preview:-1"},"canonical":"https:\/\/plasticseurope.org\/de\/events\/k-2025-sonderschau-plastics-shape-the-future\/","og_locale":"de_DE","og_type":"article","og_title":"K 2025 - Sonderschau \"Plastics Shape the Future\" - Plastics Europe DE","og_description":"K-2025 - Sonderschau \"Plastics Shape the Future\". Die K ist die international f\u00fchrende Fachmesse in der Kunststoff- und Kautschukindustrie. Save the date f\u00fcr die K 2025 am 8.\u201315. Oktober 2025.","og_url":"https:\/\/plasticseurope.org\/de\/events\/k-2025-sonderschau-plastics-shape-the-future\/","og_site_name":"Plastics Europe DE","article_modified_time":"2025-11-18T19:04:32+00:00","og_image":[{"width":820,"height":312,"url":"https:\/\/plasticseurope.org\/de\/wp-content\/uploads\/sites\/3\/2024\/08\/k2025.png","type":"image\/png"}],"twitter_card":"summary_large_image","twitter_title":"K 2025 - Sonderschau \"Plastics Shape the Future\" - Plastics Europe DE","twitter_description":"Die K ist die international f\u00fchrende Fachmesse in der Kunststoff- und Kautschukindustrie. Save the date f\u00fcr die K 2025 am 8.\u201315. Oktober 2025.","twitter_image":"https:\/\/plasticseurope.org\/de\/wp-content\/uploads\/sites\/3\/2024\/08\/k2025.png","twitter_misc":{"Gesch\u00e4tzte Lesezeit":"1 Minute"},"schema":{"@context":"https:\/\/schema.org","@graph":[{"@type":"WebPage","@id":"https:\/\/plasticseurope.org\/de\/events\/k-2025-sonderschau-plastics-shape-the-future\/","url":"https:\/\/plasticseurope.org\/de\/events\/k-2025-sonderschau-plastics-shape-the-future\/","name":"K 2025 - Sonderschau \"Plastics Shape the Future\" - Plastics Europe DE","isPartOf":{"@id":"https:\/\/plasticseurope.org\/de\/#website"},"datePublished":"2024-08-02T07:03:56+00:00","dateModified":"2025-11-18T19:04:32+00:00","description":"Die K ist die international f\u00fchrende Fachmesse in der Kunststoff- und Kautschukindustrie. Save the date f\u00fcr die K 2025 am 8.\u201315. Oktober 2025.","breadcrumb":{"@id":"https:\/\/plasticseurope.org\/de\/events\/k-2025-sonderschau-plastics-shape-the-future\/#breadcrumb"},"inLanguage":"de-DE","potentialAction":[{"@type":"ReadAction","target":["https:\/\/plasticseurope.org\/de\/events\/k-2025-sonderschau-plastics-shape-the-future\/"]}]},{"@type":"BreadcrumbList","@id":"https:\/\/plasticseurope.org\/de\/events\/k-2025-sonderschau-plastics-shape-the-future\/#breadcrumb","itemListElement":[{"@type":"ListItem","position":1,"name":"Home","item":"https:\/\/plasticseurope.org\/de\/"},{"@type":"ListItem","position":2,"name":"K 2025 &#8211; Sonderschau &#8222;Plastics Shape the Future&#8220;"}]},{"@type":"WebSite","@id":"https:\/\/plasticseurope.org\/de\/#website","url":"https:\/\/plasticseurope.org\/de\/","name":"Plastics Europe DE","description":"Enabling a sustainable future","potentialAction":[{"@type":"SearchAction","target":{"@type":"EntryPoint","urlTemplate":"https:\/\/plasticseurope.org\/de\/?s={search_term_string}"},"query-input":"required name=search_term_string"}],"inLanguage":"de-DE"}]}},"_links":{"self":[{"href":"https:\/\/plasticseurope.org\/de\/wp-json\/wp\/v2\/pe_event\/10766","targetHints":{"allow":["GET"]}}],"collection":[{"href":"https:\/\/plasticseurope.org\/de\/wp-json\/wp\/v2\/pe_event"}],"about":[{"href":"https:\/\/plasticseurope.org\/de\/wp-json\/wp\/v2\/types\/pe_event"}],"wp:featuredmedia":[{"embeddable":true,"href":"https:\/\/plasticseurope.org\/de\/wp-json\/wp\/v2\/media\/11204"}],"wp:attachment":[{"href":"https:\/\/plasticseurope.org\/de\/wp-json\/wp\/v2\/media?parent=10766"}],"wp:term":[{"taxonomy":"event-type","embeddable":true,"href":"https:\/\/plasticseurope.org\/de\/wp-json\/wp\/v2\/event-type?post=10766"}],"curies":[{"name":"wp","href":"https:\/\/api.w.org\/{rel}","templated":true}]}}

<p>Die K gilt als international führende Fachmesse in der Kunststoff- und Kautschukindustrie. Jedes Mal zieht die Veranstaltung eine Vielzahl von Fachleuten aus Produktion, Verarbeitung und verwandten Branchen wie Maschinenbau, Automobilindustrie, Elektronik, Medizintechnik, Verpackungsindustrie und Bauindustrie aus der ganzen Welt an, um sich über die aktuellen Innovationen zu informieren und wertvolle Kontakte zu knüpfen. Dabei wird ein breites Spektrum an Produkten und Dienstleistungen im Bereich Maschinen, Ausrüstung, Rohstoffe und Messtechnik präsentiert.</p>



<p>Seit der ersten Ausstellung in Düsseldorf im Jahr 1952 verkörpert der Buchstabe &#8222;K&#8220; die Faszination für die Welt des Kunststoffs und Kautschuks. Die nächste Fachmesse findet im Jahr 2025 auf dem Messegelände in Düsseldorf statt und wird ein globaler Magnet für Aussteller und Besucher gleichermaßen.&nbsp;</p>



<p><a href="https://plasticseurope.org/de/plastics-shape-the-future-k-2025/">Link zum Programm und zu den Aufzeichnungen der Keynotes und Panels</a></p>

<p>Die K gilt als international führende Fachmesse für die Kunststoff- und Kautschukindustrie. </p>

<!-- This site is optimized with the Yoast SEO plugin v21.6 - https://yoast.com/wordpress/plugins/seo/ -->
<title>K 2025 - Sonderschau &quot;Plastics Shape the Future&quot; - Plastics Europe DE</title>
<meta name="description" content="Die K ist die international führende Fachmesse in der Kunststoff- und Kautschukindustrie. Save the date für die K 2025 am 8.–15. Oktober 2025." />
<meta name="robots" content="index, follow, max-snippet:-1, max-image-preview:large, max-video-preview:-1" />
<link rel="canonical" href="https://plasticseurope.org/de/events/k-2025-sonderschau-plastics-shape-the-future/" />
<meta property="og:locale" content="de_DE" />
<meta property="og:type" content="article" />
<meta property="og:title" content="K 2025 - Sonderschau &quot;Plastics Shape the Future&quot; - Plastics Europe DE" />
<meta property="og:description" content="K-2025 - Sonderschau &quot;Plastics Shape the Future&quot;. Die K ist die international führende Fachmesse in der Kunststoff- und Kautschukindustrie. Save the date für die K 2025 am 8.–15. Oktober 2025." />
<meta property="og:url" content="https://plasticseurope.org/de/events/k-2025-sonderschau-plastics-shape-the-future/" />
<meta property="og:site_name" content="Plastics Europe DE" />
<meta property="article:modified_time" content="2025-11-18T19:04:32+00:00" />
<meta property="og:image" content="https://plasticseurope.org/de/wp-content/uploads/sites/3/2024/08/k2025.png" />
	<meta property="og:image:width" content="820" />
	<meta property="og:image:height" content="312" />
	<meta property="og:image:type" content="image/png" />
<meta name="twitter:card" content="summary_large_image" />
<meta name="twitter:title" content="K 2025 - Sonderschau &quot;Plastics Shape the Future&quot; - Plastics Europe DE" />
<meta name="twitter:description" content="Die K ist die international führende Fachmesse in der Kunststoff- und Kautschukindustrie. Save the date für die K 2025 am 8.–15. Oktober 2025." />
<meta name="twitter:image" content="https://plasticseurope.org/de/wp-content/uploads/sites/3/2024/08/k2025.png" />
<meta name="twitter:label1" content="Geschätzte Lesezeit" />
	<meta name="twitter:data1" content="1 Minute" />
<script type="application/ld+json" class="yoast-schema-graph">{"@context":"https://schema.org","@graph":[{"@type":"WebPage","@id":"https://plasticseurope.org/de/events/k-2025-sonderschau-plastics-shape-the-future/","url":"https://plasticseurope.org/de/events/k-2025-sonderschau-plastics-shape-the-future/","name":"K 2025 - Sonderschau \"Plastics Shape the Future\" - Plastics Europe DE","isPartOf":{"@id":"https://plasticseurope.org/de/#website"},"datePublished":"2024-08-02T07:03:56+00:00","dateModified":"2025-11-18T19:04:32+00:00","description":"Die K ist die international führende Fachmesse in der Kunststoff- und Kautschukindustrie. Save the date für die K 2025 am 8.–15. Oktober 2025.","breadcrumb":{"@id":"https://plasticseurope.org/de/events/k-2025-sonderschau-plastics-shape-the-future/#breadcrumb"},"inLanguage":"de-DE","potentialAction":[{"@type":"ReadAction","target":["https://plasticseurope.org/de/events/k-2025-sonderschau-plastics-shape-the-future/"]}]},{"@type":"BreadcrumbList","@id":"https://plasticseurope.org/de/events/k-2025-sonderschau-plastics-shape-the-future/#breadcrumb","itemListElement":[{"@type":"ListItem","position":1,"name":"Home","item":"https://plasticseurope.org/de/"},{"@type":"ListItem","position":2,"name":"K 2025 &#8211; Sonderschau &#8222;Plastics Shape the Future&#8220;"}]},{"@type":"WebSite","@id":"https://plasticseurope.org/de/#website","url":"https://plasticseurope.org/de/","name":"Plastics Europe DE","description":"Enabling a sustainable future","potentialAction":[{"@type":"SearchAction","target":{"@type":"EntryPoint","urlTemplate":"https://plasticseurope.org/de/?s={search_term_string}"},"query-input":"required name=search_term_string"}],"inLanguage":"de-DE"}]}</script>
<!-- / Yoast SEO plugin. -->

Die K ist die international führende Fachmesse in der Kunststoff- und Kautschukindustrie. Save the date für die K 2025 am 8.–15. Oktober 2025.

K-2025 - Sonderschau "Plastics Shape the Future". Die K ist die international führende Fachmesse in der Kunststoff- und Kautschukindustrie. Save the date für die K 2025 am 8.–15. Oktober 2025.
