{"version":"1.0","provider_name":"Plastics Europe DE","provider_url":"https:\/\/plasticseurope.org\/de","author_name":"lizzydoyle","author_url":"https:\/\/plasticseurope.org\/de\/author\/lizzydoyle\/","title":"Neue initiative \"wir sind kunststoff\" gestartet - Plastics Europe DE","type":"rich","width":600,"height":338,"html":"<blockquote class=\"wp-embedded-content\" data-secret=\"hd3AFDR8Rb\"><a href=\"https:\/\/plasticseurope.org\/de\/2021\/09\/06\/neue-initiative-wir-sind-kunststoff-gestartet\/\">Neue initiative &#8222;wir sind kunststoff&#8220; gestartet<\/a><\/blockquote><iframe sandbox=\"allow-scripts\" security=\"restricted\" src=\"https:\/\/plasticseurope.org\/de\/2021\/09\/06\/neue-initiative-wir-sind-kunststoff-gestartet\/embed\/#?secret=hd3AFDR8Rb\" width=\"600\" height=\"338\" title=\"&#8222;Neue initiative &#8222;wir sind kunststoff&#8220; gestartet&#8220; &#8212; Plastics Europe DE\" data-secret=\"hd3AFDR8Rb\" frameborder=\"0\" marginwidth=\"0\" marginheight=\"0\" scrolling=\"no\" class=\"wp-embedded-content\"><\/iframe><script type=\"text\/javascript\">\n\/* <![CDATA[ *\/\n\/*! This file is auto-generated *\/\n!function(d,l){\"use strict\";l.querySelector&&d.addEventListener&&\"undefined\"!=typeof URL&&(d.wp=d.wp||{},d.wp.receiveEmbedMessage||(d.wp.receiveEmbedMessage=function(e){var t=e.data;if((t||t.secret||t.message||t.value)&&!\/[^a-zA-Z0-9]\/.test(t.secret)){for(var s,r,n,a=l.querySelectorAll('iframe[data-secret=\"'+t.secret+'\"]'),o=l.querySelectorAll('blockquote[data-secret=\"'+t.secret+'\"]'),c=new RegExp(\"^https?:$\",\"i\"),i=0;i<o.length;i++)o[i].style.display=\"none\";for(i=0;i<a.length;i++)s=a[i],e.source===s.contentWindow&&(s.removeAttribute(\"style\"),\"height\"===t.message?(1e3<(r=parseInt(t.value,10))?r=1e3:~~r<200&&(r=200),s.height=r):\"link\"===t.message&&(r=new URL(s.getAttribute(\"src\")),n=new URL(t.value),c.test(n.protocol))&&n.host===r.host&&l.activeElement===s&&(d.top.location.href=t.value))}},d.addEventListener(\"message\",d.wp.receiveEmbedMessage,!1),l.addEventListener(\"DOMContentLoaded\",function(){for(var e,t,s=l.querySelectorAll(\"iframe.wp-embedded-content\"),r=0;r<s.length;r++)(t=(e=s[r]).getAttribute(\"data-secret\"))||(t=Math.random().toString(36).substring(2,12),e.src+=\"#?secret=\"+t,e.setAttribute(\"data-secret\",t)),e.contentWindow.postMessage({message:\"ready\",secret:t},\"*\")},!1)))}(window,document);\n\/\/# sourceURL=https:\/\/plasticseurope.org\/de\/wp-includes\/js\/wp-embed.min.js\n\/* ]]> *\/\n<\/script>\n","thumbnail_url":"https:\/\/plasticseurope.org\/de\/wp-content\/uploads\/sites\/3\/2021\/11\/Header_Wir_sind_Kunststoff.png","thumbnail_width":1200,"thumbnail_height":400,"description":"Einmaliger Schulterschluss der Kunststoffindustrie Die drei gro\u00dfen Kunststoffverb\u00e4nde GKV Gesamtverband Kunststoffverarbeitende Industrie, PlasticsEurope Deutschland und VDMA Fachverband Kunststoff- und Gummimaschinen schaffen mit \u201eWir sind Kunststoff\u201c einen bisher in der Wertsch\u00f6pfungskette einmaligen Schulterschluss f\u00fcr mehr Nachhaltigkeit \u2013 \u00f6kologische, soziale und \u00f6konomische. In einer gemeinsamen Pressekonferenz wurden heute die Initiative sowie ihre Online-Plattform&nbsp;www.deinkunststoff.de&nbsp;vorgestellt. Inklusive der f\u00fcnf GKV-Tr\u00e4gerverb\u00e4nde [&hellip;]"}

Einmaliger Schulterschluss der Kunststoffindustrie Die drei großen Kunststoffverbände GKV Gesamtverband Kunststoffverarbeitende Industrie, PlasticsEurope Deutschland und VDMA Fachverband Kunststoff- und Gummimaschinen schaffen mit „Wir sind Kunststoff“ einen bisher in der Wertschöpfungskette einmaligen Schulterschluss für mehr Nachhaltigkeit – ökologische, soziale und ökonomische. In einer gemeinsamen Pressekonferenz wurden heute die Initiative sowie ihre Online-Plattform&nbsp;www.deinkunststoff.de&nbsp;vorgestellt. Inklusive der fünf GKV-Trägerverbände [&hellip;]
